{"id":35,"date":"2025-03-02T13:57:24","date_gmt":"2025-03-02T13:57:24","guid":{"rendered":"https:\/\/www.luterlik.edu.ee\/uus\/?page_id=35"},"modified":"2025-03-02T14:07:09","modified_gmt":"2025-03-02T14:07:09","slug":"noukogu","status":"publish","type":"page","link":"https:\/\/www.luterlik.edu.ee\/uus\/kontaktid\/noukogu\/","title":{"rendered":"N\u00d5UKOGU"},"content":{"rendered":"<table class=\"has-fixed-layout\">\n<tbody>\n<tr>\n<td><strong>Rein Schihalejev<\/strong><\/td>\n<td>Direktor<\/td>\n<td>koolijuht@luterlik.edu.ee<\/td>\n<\/tr>\n<tr>\n<td><strong>Klaus-Peeter Ladva<\/strong><\/td>\n<td>LA lapsevanemate esindaja<\/td>\n<td>k.p.ladva@gmail.com<\/td>\n<\/tr>\n<tr>\n<td><strong>Heidi Sarap<\/strong><\/td>\n<td>LA \u00f5petajate esindaja<\/td>\n<td>heidi@luterlik.edu.ee<\/td>\n<\/tr>\n<tr>\n<td><strong>Hedi Hellenurm-Sepp<\/strong><\/td>\n<td>PK lapsevanemate esindaja<\/td>\n<td>hedi.sepp@gmail.com<\/td>\n<\/tr>\n<tr>\n<td><strong>Anu Kuld<\/strong><\/td>\n<td>PK \u00f5petajate esindaja<\/td>\n<td>anukuld@luterlik.edu.ee<\/td>\n<\/tr>\n<tr>\n<td><strong>Kristin Illak<\/strong><\/td>\n<td>KK lapsevanemate esindaja<\/td>\n<td>kristin.illak@gmail.com<\/td>\n<\/tr>\n<tr>\n<td><strong>Johanna Sild<\/strong><\/td>\n<td>KK \u00f5petajate esindaja<\/td>\n<td>johanna@luterlik.edu.ee<\/td>\n<\/tr>\n<tr>\n<td><strong>Kaido Kubri<\/strong><\/td>\n<td>K\u00d5 lapsevanemate esindaja<\/td>\n<td>kaido.kubri@gmail.com<\/td>\n<\/tr>\n<tr>\n<td><strong>Kadi K\u00fcnnapuu<\/strong> (esimees)<\/td>\n<td>K\u00d5 kordinaatorite esindaja<\/td>\n<td>koduope@luterlik.edu.ee<\/td>\n<\/tr>\n<tr>\n<td><strong>Triin K\u00e4pp<\/strong><\/td>\n<td>MT\u00dc TLPK esindaja<\/td>\n<td>triin.kapp@gmail.com<\/td>\n<\/tr>\n<tr>\n<td><strong>Marek Roots<\/strong><\/td>\n<td>EELK esindaja<\/td>\n<td>marek.roots@eelk.ee<\/td>\n<\/tr>\n<\/tbody>\n<\/table>\n","protected":false},"excerpt":{"rendered":"<p>Rein Schihalejev Direktor koolijuht@luterlik.edu.ee Klaus-Peeter Ladva LA lapsevanemate esindaja k.p.ladva@gmail.com Heidi Sarap LA \u00f5petajate esindaja heidi@luterlik.edu.ee Hedi Hellenurm-Sepp PK lapsevanemate esindaja hedi.sepp@gmail.com Anu Kuld PK \u00f5petajate esindaja anukuld@luterlik.edu.ee Kristin Illak KK lapsevanemate esindaja kristin.illak@gmail.com Johanna Sild KK \u00f5petajate esindaja johanna@luterlik.edu.ee Kaido Kubri K\u00d5 lapsevanemate esindaja kaido.kubri@gmail.com Kadi K\u00fcnnapuu (esimees) K\u00d5 kordinaatorite esindaja koduope@luterlik.edu.ee Triin K\u00e4pp [&hellip;]<\/p>\n","protected":false},"author":1,"featured_media":0,"parent":26,"menu_order":0,"comment_status":"closed","ping_status":"closed","template":"","meta":{"footnotes":""},"class_list":["post-35","page","type-page","status-publish","hentry","has-post-title","has-post-date","has-post-category","has-post-tag","has-post-comment","has-post-author",""],"_links":{"self":[{"href":"https:\/\/www.luterlik.edu.ee\/uus\/wp-json\/wp\/v2\/pages\/35","targetHints":{"allow":["GET"]}}],"collection":[{"href":"https:\/\/www.luterlik.edu.ee\/uus\/wp-json\/wp\/v2\/pages"}],"about":[{"href":"https:\/\/www.luterlik.edu.ee\/uus\/wp-json\/wp\/v2\/types\/page"}],"author":[{"embeddable":true,"href":"https:\/\/www.luterlik.edu.ee\/uus\/wp-json\/wp\/v2\/users\/1"}],"replies":[{"embeddable":true,"href":"https:\/\/www.luterlik.edu.ee\/uus\/wp-json\/wp\/v2\/comments?post=35"}],"version-history":[{"count":3,"href":"https:\/\/www.luterlik.edu.ee\/uus\/wp-json\/wp\/v2\/pages\/35\/revisions"}],"predecessor-version":[{"id":44,"href":"https:\/\/www.luterlik.edu.ee\/uus\/wp-json\/wp\/v2\/pages\/35\/revisions\/44"}],"up":[{"embeddable":true,"href":"https:\/\/www.luterlik.edu.ee\/uus\/wp-json\/wp\/v2\/pages\/26"}],"wp:attachment":[{"href":"https:\/\/www.luterlik.edu.ee\/uus\/wp-json\/wp\/v2\/media?parent=35"}],"curies":[{"name":"wp","href":"https:\/\/api.w.org\/{rel}","templated":true}]}}