{"id":29,"date":"2025-03-02T13:56:35","date_gmt":"2025-03-02T13:56:35","guid":{"rendered":"https:\/\/www.luterlik.edu.ee\/uus\/?page_id=29"},"modified":"2025-03-02T14:07:35","modified_gmt":"2025-03-02T14:07:35","slug":"pohikool","status":"publish","type":"page","link":"https:\/\/www.luterlik.edu.ee\/uus\/kontaktid\/pohikool\/","title":{"rendered":"P\u00d5HIKOOL"},"content":{"rendered":"<table width=\"810\">\n<tbody>\n<tr>\n<td><strong>\u00dcLD<\/strong><\/td>\n<td><\/td>\n<td><\/td>\n<\/tr>\n<tr>\n<td><strong>Rein Schihalejev<\/strong><\/td>\n<td><strong>Direktor<\/strong><\/td>\n<td><strong><a href=\"mailto:koolijuht@luterlik.edu.ee\">koolijuht@luterlik.edu.ee,<\/a> 5623 1531<\/strong><\/td>\n<\/tr>\n<tr>\n<td><strong>Anni Kr\u00fc\u00fcner<\/strong><\/td>\n<td>Kogukonnajuht<\/td>\n<td><a href=\"mailto:kogukonnajuht@luterlik.edu.ee\">kogukonnajuht@luterlik.edu.ee,<\/a>56992634<\/td>\n<\/tr>\n<tr>\n<td><strong>Indrek Salk<\/strong><\/td>\n<td>Haldusjuht<\/td>\n<td><a href=\"mailto:indrek.salk@luterlik.edu.ee\">indrek.salk@luterlik.edu.ee<\/a><\/td>\n<\/tr>\n<tr>\n<td><strong>K\u00fcllike Rastvorov<\/strong><\/td>\n<td>Sekret\u00e4r<\/td>\n<td><a href=\"mailto:kullike.rastvorov@luterlik.edu.ee\">kullike.rastvorov@luterlik.edu.ee<\/a>, 56855560<\/td>\n<\/tr>\n<tr>\n<td><strong>Marge T\u00e4nava<\/strong><\/td>\n<td>V\u00e4rbamis- ja personalijuht<\/td>\n<td><a href=\"https:\/\/www.luterlik.edu.ee\/inimesed\/kool\/personalijuht@luterlik.edu.ee\">personalijuht@luterlik.edu.ee<\/a>, 56910233<\/td>\n<\/tr>\n<tr>\n<td><strong>Meeli Maasik<\/strong><\/td>\n<td>Raamatupidaja<\/td>\n<td><a href=\"mailto:raamatupidaja@luterlik.edu.ee\">raamatupidaja@luterlik.edu.ee<\/a><\/td>\n<\/tr>\n<tr>\n<td><strong>\u00a0<\/strong><\/td>\n<td><\/td>\n<td><\/td>\n<\/tr>\n<tr>\n<td><strong>P\u00d5HIKOOL<\/strong><\/td>\n<td><\/td>\n<td><\/td>\n<\/tr>\n<tr>\n<td><strong>Anely Pedai<\/strong><\/td>\n<td><strong>P\u00f5hikooli \u00f5ppesuunajuht<\/strong><\/td>\n<td><strong><a href=\"mailto:anely.pedai@luterlik.edu.ee\">anely.pedai@luterlik.edu.ee<\/a><\/strong><\/td>\n<\/tr>\n<tr>\n<td><strong>Ave Gill<\/strong><\/td>\n<td>Klassi\u00f5petaja<\/td>\n<td><a href=\"mailto:ave.gill@luterlik.edu.ee\">ave.gill@luterlik.edu.ee<\/a><\/td>\n<\/tr>\n<tr>\n<td><strong>Merle Adson<\/strong><\/td>\n<td>Klassi\u00f5petaja, inimese\u00f5petuse \u00f5petaja<\/td>\n<td><a href=\"mailto:merle.adson@luterlik.edu.ee\" target=\"_blank\" rel=\"noopener noreferrer\">merle.adson@luterlik.edu.ee<\/a><\/td>\n<\/tr>\n<tr>\n<td><strong>\u00d5nne Ints<\/strong><\/td>\n<td>Klassi\u00f5petaja<\/td>\n<td><a href=\"mailto:onne.ints@luterlik.edu.ee\">onne.ints@luterlik.edu.ee<\/a><\/td>\n<\/tr>\n<tr>\n<td><strong>Helen Tammeleht<\/strong><\/td>\n<td>Saksa keele \u00f5petaja<\/td>\n<td><a href=\"mailto:helen.tammeleht@luterlik.edu.ee\">helen.tammeleht@luterlik.edu.ee<\/a><\/td>\n<\/tr>\n<tr>\n<td><strong>Imbi Mesila<\/strong><\/td>\n<td>Saksa keele \u00f5petaja<\/td>\n<td><a href=\"mailto:imbi.mesila@luterlik.edu.ee\" target=\"_blank\" rel=\"noopener noreferrer\">imbi.mesila@luterlik.edu.ee<\/a><\/td>\n<\/tr>\n<tr>\n<td><strong>Kadri K\u00e4\u00e4rde<\/strong><\/td>\n<td>Saksa keele \u00f5petaja<\/td>\n<td><a href=\"mailto:kadri.kaarde@luterlik.edu.ee\" target=\"_blank\" rel=\"noopener noreferrer\">kadri.kaarde@luterlik.edu.ee<\/a><\/td>\n<\/tr>\n<tr>\n<td><strong>Gerda Moor<\/strong><\/td>\n<td>Saksa keele \u00f5petaja<\/td>\n<td><a href=\"mailto:gerda.moor@luterlik.edu.ee\" target=\"_blank\" rel=\"noopener noreferrer\">gerda.moor@luterlik.edu.ee<\/a><\/td>\n<\/tr>\n<tr>\n<td><strong>Agnes Lea<\/strong><\/td>\n<td>Eesti keele ja kirjanduse \u00f5petaja<\/td>\n<td><a href=\"mailto:agnes.lea@luterlik.edu.ee\">agnes.lea@luterlik.edu.ee<\/a><\/td>\n<\/tr>\n<tr>\n<td><strong>Hanna Albi<\/strong><\/td>\n<td>Eesti keele ja kirjanduse \u00f5petaja<\/td>\n<td><a href=\"mailto:hanna.albi@luterlik.edu.ee\">hanna.albi@luterlik.edu.ee<\/a><\/td>\n<\/tr>\n<tr>\n<td><strong>Evelin Schapel\u00a0<\/strong><\/td>\n<td>Inglise ja eesti keele \u00f5petaja<\/td>\n<td><a href=\"mailto:evelin.schapel@luterlik.edu.ee\">evelin.schapel@luterlik.edu.ee<\/a><\/td>\n<\/tr>\n<tr>\n<td><strong>Margit Metsla-Rebane<\/strong><\/td>\n<td>Inglise keele \u00f5petaja<\/td>\n<td><a href=\"mailto:margit@luterlik.edu.ee\">margit.metsla-rebane@luterlik.edu.ee<\/a><\/td>\n<\/tr>\n<tr>\n<td><strong>Triinu-Kristi Kinks<\/strong><\/td>\n<td>Kehalise kasvatuse \u00f5petaja 1.-3. klass<\/td>\n<td><a href=\"mailto:triinu-kristi.kinks@luterlik.edu.ee\">triinu-kristi.kinks@luterlik.edu.ee<\/a><\/td>\n<\/tr>\n<tr>\n<td><strong>Rein Muda<\/strong><\/td>\n<td>Kehalise kasvatuse \u00f5petaja 4.-9. klass (poisid)<\/td>\n<td><a href=\"mailto:rein.muda@luterlik.edu.ee\"><span data-sheets-root=\"1\">rein.muda@luterlik.edu.ee<\/span><\/a><\/td>\n<\/tr>\n<tr>\n<td><strong>Kaja Laur<\/strong><\/td>\n<td>Kehalise kasvatuse \u00f5petaja 4.-9. klass (t\u00fcdrukud)<\/td>\n<td><a href=\"mailto:airi@luterlik.edu.ee\">kaja.laur@luterlik.edu.ee<\/a><\/td>\n<\/tr>\n<tr>\n<td><strong>Airi Gailit<\/strong><\/td>\n<td>Kunsti- ja k\u00e4sit\u00f6\u00f6 \u00f5petaja<\/td>\n<td><a href=\"mailto:airi.gailit@luterlik.edu.ee\">airi.gailit@luterlik.edu.ee<\/a><\/td>\n<\/tr>\n<tr>\n<td><strong>Kristina Sildos<\/strong><\/td>\n<td>Muusika\u00f5petaja<\/td>\n<td><a href=\"mailto:kristina.sildos@luterlik.edu.ee\">kristina.sildos@luterlik.edu.ee<\/a><\/td>\n<\/tr>\n<tr>\n<td><strong>Reet-Ingrid Haamer<\/strong><\/td>\n<td>Sotsiaalainete \u00f5petaja<\/td>\n<td><a href=\"mailto:reet-ingrid.haamer@luterlik.edu.ee\">reet-ingrid.haamer@luterlik.edu.ee<\/a><\/td>\n<\/tr>\n<tr>\n<td><strong>Kadri Palta-Kivi<\/strong><\/td>\n<td>Meedia- ja suhtlus\u00f5petuse \u00f5petaja, haridustehnoloog<\/td>\n<td><a href=\"mailto:kadri.palta-kivi@luterlik.edu.ee\">kadri.palta-kivi@luterlik.edu.ee<\/a><\/td>\n<\/tr>\n<tr>\n<td><strong>Joana J\u00f5gela<\/strong><\/td>\n<td>Keemia\u00f5petaja<\/td>\n<td><a href=\"mailto:joana.jogela@luterlik.edu.ee\" target=\"_blank\" rel=\"noopener noreferrer\">joana.jogela@luterlik.edu.ee<\/a><\/td>\n<\/tr>\n<tr>\n<td><strong>Siim H\u00f6demann<\/strong><\/td>\n<td>F\u00fc\u00fcsika\u00f5petaja<\/td>\n<td><a href=\"mailto:siim.hodemann@luterlik.edu.ee\">siim.hodemann@luterlik.edu.ee<\/a><\/td>\n<\/tr>\n<tr>\n<td><strong>Liisi R\u00f6\u00f6mel<\/strong><\/td>\n<td>Matemaatika\u00f5petaja<\/td>\n<td><a href=\"mailto:liisi.roomel@luterlik.edu.ee\">liisi.roomel@luterlik.edu.ee<\/a><\/td>\n<\/tr>\n<tr>\n<td><strong> <span class=\"fontstyle0\">Anu Kuld<\/span><\/strong><\/td>\n<td>Matemaatika\u00f5petaja<\/td>\n<td><a class=\"rABsFf RffVmb AL18ce\" href=\"mailto:anu.kuld@luterlik.edu.ee\" target=\"_blank\" rel=\"noopener noreferrer\" data-tooltip-position=\"top\" data-tooltip=\"From user's organisation profile\">anu.kuld@luterlik.edu.ee<\/a><\/td>\n<\/tr>\n<tr>\n<td><strong>Maigi Astok<\/strong><\/td>\n<td>Geograafia ja loodus\u00f5petuse \u00f5petaja<\/td>\n<td><a href=\"mailto:maigi@luterlik.edu.ee\" target=\"_blank\" rel=\"noopener noreferrer\">maigi.astok@luterlik.edu.ee<\/a><\/td>\n<\/tr>\n<tr>\n<td><strong>Helen Hirsnik\u00a0<\/strong><\/td>\n<td>Sotsiaalpedagoog-\u00f5pilasn\u00f5ustaja<\/td>\n<td><a class=\"rABsFf RffVmb AL18ce\" href=\"mailto:helen.hirsnik@luterlik.edu.ee\" target=\"_blank\" rel=\"noopener noreferrer\" data-tooltip-position=\"top\" data-tooltip=\"From your Google contacts\">helen.hirsnik@luterlik.edu.ee,<\/a> 56931198<\/td>\n<\/tr>\n<tr>\n<td><strong>Marie Raudsepp<\/strong><\/td>\n<td>Eripedagoogi assistent<\/td>\n<td><a class=\"rABsFf RffVmb AL18ce\" href=\"mailto:marie.raudsepp@luterlik.edu.ee\" target=\"_blank\" rel=\"noopener noreferrer\" data-tooltip-position=\"top\" data-tooltip=\"From your Google contacts\">marie.raudsepp@luterlik.edu.ee<\/a><\/td>\n<\/tr>\n<tr>\n<td><strong>Jaana Daniel<\/strong><\/td>\n<td>Kooli\u00f5de (majas esmasp\u00e4eviti)<\/td>\n<td><a href=\"mailto:jaana.daniel@luterlik.edu.ee\" target=\"_blank\" rel=\"noopener noreferrer\">jaana.daniel@luterlik.edu.ee<\/a><\/td>\n<\/tr>\n<tr>\n<td><strong>Elina K\u00fcbar<\/strong><\/td>\n<td>pikap\u00e4evar\u00fchm<\/td>\n<td><a href=\"mailto:elina.kubar@luterlik.edu.ee\">elina.kubar@luterlik.edu.ee<\/a><\/td>\n<\/tr>\n<\/tbody>\n<\/table>\n","protected":false},"excerpt":{"rendered":"<p>\u00dcLD Rein Schihalejev Direktor koolijuht@luterlik.edu.ee, 5623 1531 Anni Kr\u00fc\u00fcner Kogukonnajuht kogukonnajuht@luterlik.edu.ee,56992634 Indrek Salk Haldusjuht indrek.salk@luterlik.edu.ee K\u00fcllike Rastvorov Sekret\u00e4r kullike.rastvorov@luterlik.edu.ee, 56855560 Marge T\u00e4nava V\u00e4rbamis- ja personalijuht personalijuht@luterlik.edu.ee, 56910233 Meeli Maasik Raamatupidaja raamatupidaja@luterlik.edu.ee \u00a0 P\u00d5HIKOOL Anely Pedai P\u00f5hikooli \u00f5ppesuunajuht anely.pedai@luterlik.edu.ee Ave Gill Klassi\u00f5petaja ave.gill@luterlik.edu.ee Merle Adson Klassi\u00f5petaja, inimese\u00f5petuse \u00f5petaja merle.adson@luterlik.edu.ee \u00d5nne Ints Klassi\u00f5petaja onne.ints@luterlik.edu.ee Helen Tammeleht Saksa [&hellip;]<\/p>\n","protected":false},"author":1,"featured_media":0,"parent":26,"menu_order":0,"comment_status":"closed","ping_status":"closed","template":"","meta":{"footnotes":""},"class_list":["post-29","page","type-page","status-publish","hentry","has-post-title","has-post-date","has-post-category","has-post-tag","has-post-comment","has-post-author",""],"_links":{"self":[{"href":"https:\/\/www.luterlik.edu.ee\/uus\/wp-json\/wp\/v2\/pages\/29","targetHints":{"allow":["GET"]}}],"collection":[{"href":"https:\/\/www.luterlik.edu.ee\/uus\/wp-json\/wp\/v2\/pages"}],"about":[{"href":"https:\/\/www.luterlik.edu.ee\/uus\/wp-json\/wp\/v2\/types\/page"}],"author":[{"embeddable":true,"href":"https:\/\/www.luterlik.edu.ee\/uus\/wp-json\/wp\/v2\/users\/1"}],"replies":[{"embeddable":true,"href":"https:\/\/www.luterlik.edu.ee\/uus\/wp-json\/wp\/v2\/comments?post=29"}],"version-history":[{"count":3,"href":"https:\/\/www.luterlik.edu.ee\/uus\/wp-json\/wp\/v2\/pages\/29\/revisions"}],"predecessor-version":[{"id":46,"href":"https:\/\/www.luterlik.edu.ee\/uus\/wp-json\/wp\/v2\/pages\/29\/revisions\/46"}],"up":[{"embeddable":true,"href":"https:\/\/www.luterlik.edu.ee\/uus\/wp-json\/wp\/v2\/pages\/26"}],"wp:attachment":[{"href":"https:\/\/www.luterlik.edu.ee\/uus\/wp-json\/wp\/v2\/media?parent=29"}],"curies":[{"name":"wp","href":"https:\/\/api.w.org\/{rel}","templated":true}]}}