{"id":225,"date":"2025-04-21T10:53:28","date_gmt":"2025-04-21T07:53:28","guid":{"rendered":"https:\/\/www.luterlik.edu.ee\/uus\/?page_id=225"},"modified":"2025-04-21T10:53:28","modified_gmt":"2025-04-21T07:53:28","slug":"hinnakiri","status":"publish","type":"page","link":"https:\/\/www.luterlik.edu.ee\/uus\/ruumide-rent\/hinnakiri\/","title":{"rendered":"HINNAKIRI"},"content":{"rendered":"<!--themify_builder_content-->\n<div id=\"themify_builder_content-225\" data-postid=\"225\" class=\"themify_builder_content themify_builder_content-225 themify_builder tf_clear\">\n                    <div  data-lazy=\"1\" class=\"module_row themify_builder_row tb_90xw66 tb_first tf_w\">\n                        <div class=\"row_inner col_align_top tb_col_count_1 tf_box tf_rel\">\n                        <div  data-lazy=\"1\" class=\"module_column tb-column col-full tb_pj8v66 first\">\n                    <!-- module text -->\n<div  class=\"module module-text tb_2jza201   \" data-lazy=\"1\">\n        <div  class=\"tb_text_wrap\">\n        <div class=\"entry-content clearfix\"><p>Hinnakiri on orienteeruv ja s\u00f5ltub \u00fcrituse formaadist. Toitlustusega \u00fcritustel lisandub koristustasu, saali \u00fcmberpaigutamise vajadusel (punased teatritoolid saali) lisatasu.<\/p><p>P\u00e4eva\/\u00f5htu hind kehtib s\u00fcda\u00f6\u00f6ni, sealt edasi iga lisanduv tund tunnihinna alusel.<\/p><p>\u00a0<\/p><div class=\"wp-block-group\"><div class=\"wp-block-group__inner-container is-layout-constrained wp-block-group-is-layout-constrained\"><figure class=\"wp-block-table\"><table><tbody><tr><td class=\"has-text-align-center\" data-align=\"center\">Suur saal (toolideta)<\/td><td class=\"has-text-align-center\" data-align=\"center\">120\u20ac\/h<\/td><td class=\"has-text-align-center\" data-align=\"center\">600\u20ac\/p\u00e4ev<\/td><\/tr><tr><td class=\"has-text-align-center\" data-align=\"center\">S\u00f6\u00f6gisaal<\/td><td class=\"has-text-align-center\" data-align=\"center\">80\u20ac\/h<\/td><td class=\"has-text-align-center\" data-align=\"center\">400\u20ac\/p\u00e4ev<\/td><\/tr><tr><td class=\"has-text-align-center\" data-align=\"center\">Klassiruum<\/td><td class=\"has-text-align-center\" data-align=\"center\">20\u20ac<\/td><td class=\"has-text-align-center\" data-align=\"center\">\u00a0<\/td><\/tr><tr><td class=\"has-text-align-center\" data-align=\"center\">Toolid suurde saali (punased teatritoolid)<\/td><td class=\"has-text-align-center\" data-align=\"center\">100\u20ac<\/td><td class=\"has-text-align-center\" data-align=\"center\">\u00a0<\/td><\/tr><tr><td class=\"has-text-align-center\" data-align=\"center\">J\u00e4relkoristus<\/td><td class=\"has-text-align-center\" data-align=\"center\">50\u20ac<\/td><td class=\"has-text-align-center\" data-align=\"center\">\u00a0<\/td><\/tr><tr><td class=\"has-text-align-center\" data-align=\"center\">Helitehnika<\/td><td class=\"has-text-align-center\" data-align=\"center\">100\u20ac<\/td><td class=\"has-text-align-center\" data-align=\"center\">\u00a0<\/td><\/tr><\/tbody><\/table><\/figure><\/div><\/div><p>\u00a0<\/p><p>Huvi korral kirjuta aadressil athena@luterlik.edu.ee v\u00f5i helista 508 64 78.<\/p><p>\u00a0<\/p><p>\u00a0<\/p><p>\u00a0<\/p><figure class=\"wp-block-image size-large\"><img loading=\"lazy\" decoding=\"async\" class=\"wp-image-4373\" src=\"https:\/\/www.luterlik.edu.ee\/wp-content\/uploads\/2020\/01\/fuajee2-819x1024.jpg\" sizes=\"auto, (max-width: 819px) 100vw, 819px\" srcset=\"https:\/\/www.luterlik.edu.ee\/wp-content\/uploads\/2020\/01\/fuajee2-819x1024.jpg 819w, https:\/\/www.luterlik.edu.ee\/wp-content\/uploads\/2020\/01\/fuajee2-240x300.jpg 240w, https:\/\/www.luterlik.edu.ee\/wp-content\/uploads\/2020\/01\/fuajee2-1229x1536.jpg 1229w, https:\/\/www.luterlik.edu.ee\/wp-content\/uploads\/2020\/01\/fuajee2-1638x2048.jpg 1638w, https:\/\/www.luterlik.edu.ee\/wp-content\/uploads\/2020\/01\/fuajee2-scaled.jpg 2048w\" alt=\"\" width=\"819\" height=\"1024\" \/><\/figure><\/div>    <\/div>\n<\/div>\n<!-- \/module text -->        <\/div>\n                        <\/div>\n        <\/div>\n        <\/div>\n<!--\/themify_builder_content-->","protected":false},"excerpt":{"rendered":"<p>Hinnakiri on orienteeruv ja s\u00f5ltub \u00fcrituse formaadist. Toitlustusega \u00fcritustel lisandub koristustasu, saali \u00fcmberpaigutamise vajadusel (punased teatritoolid saali) lisatasu. P\u00e4eva\/\u00f5htu hind kehtib s\u00fcda\u00f6\u00f6ni, sealt edasi iga lisanduv tund tunnihinna alusel. &nbsp; Suur saal (toolideta) 120\u20ac\/h 600\u20ac\/p\u00e4ev S\u00f6\u00f6gisaal 80\u20ac\/h 400\u20ac\/p\u00e4ev Klassiruum 20\u20ac Toolid suurde saali (punased teatritoolid) 100\u20ac J\u00e4relkoristus 50\u20ac Helitehnika 100\u20ac &nbsp; Huvi korral kirjuta aadressil [&hellip;]<\/p>\n","protected":false},"author":1,"featured_media":221,"parent":220,"menu_order":0,"comment_status":"closed","ping_status":"closed","template":"","meta":{"footnotes":""},"class_list":["post-225","page","type-page","status-publish","has-post-thumbnail","hentry","has-post-title","has-post-date","has-post-category","has-post-tag","has-post-comment","has-post-author",""],"_links":{"self":[{"href":"https:\/\/www.luterlik.edu.ee\/uus\/wp-json\/wp\/v2\/pages\/225","targetHints":{"allow":["GET"]}}],"collection":[{"href":"https:\/\/www.luterlik.edu.ee\/uus\/wp-json\/wp\/v2\/pages"}],"about":[{"href":"https:\/\/www.luterlik.edu.ee\/uus\/wp-json\/wp\/v2\/types\/page"}],"author":[{"embeddable":true,"href":"https:\/\/www.luterlik.edu.ee\/uus\/wp-json\/wp\/v2\/users\/1"}],"replies":[{"embeddable":true,"href":"https:\/\/www.luterlik.edu.ee\/uus\/wp-json\/wp\/v2\/comments?post=225"}],"version-history":[{"count":2,"href":"https:\/\/www.luterlik.edu.ee\/uus\/wp-json\/wp\/v2\/pages\/225\/revisions"}],"predecessor-version":[{"id":227,"href":"https:\/\/www.luterlik.edu.ee\/uus\/wp-json\/wp\/v2\/pages\/225\/revisions\/227"}],"up":[{"embeddable":true,"href":"https:\/\/www.luterlik.edu.ee\/uus\/wp-json\/wp\/v2\/pages\/220"}],"wp:featuredmedia":[{"embeddable":true,"href":"https:\/\/www.luterlik.edu.ee\/uus\/wp-json\/wp\/v2\/media\/221"}],"wp:attachment":[{"href":"https:\/\/www.luterlik.edu.ee\/uus\/wp-json\/wp\/v2\/media?parent=225"}],"curies":[{"name":"wp","href":"https:\/\/api.w.org\/{rel}","templated":true}]}}