{"id":216,"date":"2025-04-21T10:51:38","date_gmt":"2025-04-21T07:51:38","guid":{"rendered":"https:\/\/www.luterlik.edu.ee\/uus\/?page_id=216"},"modified":"2025-04-21T10:51:38","modified_gmt":"2025-04-21T07:51:38","slug":"esmane-vanematele","status":"publish","type":"page","link":"https:\/\/www.luterlik.edu.ee\/uus\/esmane-vanematele\/","title":{"rendered":"ESMANE VANEMATELE"},"content":{"rendered":"<!--themify_builder_content-->\n<div id=\"themify_builder_content-216\" data-postid=\"216\" class=\"themify_builder_content themify_builder_content-216 themify_builder tf_clear\">\n                    <div  data-lazy=\"1\" class=\"module_row themify_builder_row tb_brkd435 tb_first tf_w\">\n                        <div class=\"row_inner col_align_top tb_col_count_1 tf_box tf_rel\">\n                        <div  data-lazy=\"1\" class=\"module_column tb-column col-full tb_kav1435 first\">\n                    <!-- module text -->\n<div  class=\"module module-text tb_8b62114   \" data-lazy=\"1\">\n        <div  class=\"tb_text_wrap\">\n        <h3><strong>P\u00f5hikool \u00f5ppeaastal 2024-2025<\/strong><\/h3><p><a href=\"https:\/\/tlpk.edupage.org\/timetable\/view.php\"><strong>Tunniplaan 2024-2025<\/strong><\/a><\/p><p><strong><a href=\"https:\/\/www.luterlik.edu.ee\/tlpk-kodukord_2023\/\">TLPK kodukord_2024<\/a><\/strong><\/p><p><strong><a href=\"https:\/\/luterlik.ope.ee\/auth\/\" target=\"_blank\" rel=\"noopener noreferrer\">Tartu PK e-p\u00e4evik Stuudium<\/a><\/strong><\/p><p><a href=\"https:\/\/jakobikool.ope.ee\/auth\/\" target=\"_blank\" rel=\"noopener noreferrer\"><strong>Kodu\u00f5ppe e-p\u00e4evik Stuudium<\/strong><\/a><\/p><p><strong><a href=\"https:\/\/www.luterlik.edu.ee\/kool\/koolitoit\/\" target=\"_blank\" rel=\"noopener noreferrer\">Kooli toitlustami<\/a><\/strong><a href=\"https:\/\/www.luterlik.edu.ee\/kool\/koolitoit\/\" target=\"_blank\" rel=\"noopener noreferrer\"><strong>ne<\/strong><\/a><\/p><p><a href=\"https:\/\/www.luterlik.edu.ee\/kool\/koolivorm\/\" target=\"_blank\" rel=\"noopener noreferrer\">Koolivorm<\/a><\/p><hr \/><h3><strong>Lasteaed \u00f5ppeaastal 2023-2024<\/strong><\/h3><p align=\"LEFT\"><a href=\"https:\/\/www.luterlik.edu.ee\/wp-content\/uploads\/2023\/09\/TLPK-lasteaia-tegevus-ja-paevakava-2023.pdf\" target=\"_blank\" rel=\"noopener\">TLPK lasteaia tegevus-ja p\u00e4evakava<\/a><\/p><p align=\"LEFT\"><a href=\"https:\/\/www.luterlik.edu.ee\/wp-content\/uploads\/2019\/11\/TLPK-lasteaia-kodukord_alates-09.2019.pdf\" target=\"_blank\" rel=\"noopener noreferrer\">TLPK lasteaia kodukord<\/a><\/p><p align=\"LEFT\"><a href=\"https:\/\/eliis.eu\/auth\/login\" target=\"_blank\" rel=\"noopener noreferrer\">Lasteaia e-p\u00e4evik Eliis<\/a><\/p><p><a href=\"https:\/\/www.luterlik.edu.ee\/lasteaed\/toitlustamine\/\" target=\"_blank\" rel=\"noopener noreferrer\">Lasteaia toitlustamine<\/a><\/p><hr \/><p><strong>Kooli ametlik info- ja suhtluskanal on <a href=\"https:\/\/luterlik.ope.ee\/\">Stuudium<\/a> ning lasteaial <a href=\"https:\/\/eliis.eu\/auth\/login\">Eliis<\/a>.<\/strong><\/p><p>K\u00f5ik lapsevanemate ametlikud kontaktaadressid lisatakse ka kooli v\u00f5i lasteaia \u00fcld meililistidesse<\/p><p><a href=\"mailto:kogukond_kool@luterlik.edu.ee\">kogukond_kool@luterlik.edu.ee<\/a><\/p><p><a href=\"mailto:kogukond_lasteaed@luterlik.edu.ee\">kogukond_lasteaed@luterlik.edu.ee<\/a><\/p><hr \/><p>Abimaterjalid lapsevanematele:<\/p><p><a href=\"https:\/\/www.tartu.ee\/arno\/\" target=\"_blank\" rel=\"noopener noreferrer\">Tartu haridusteenuste haldamise s\u00fcsteem ARNO<\/a><\/p><p><a href=\"https:\/\/www.luterlik.edu.ee\/wp-content\/uploads\/2018\/06\/juhendmaterjal_erauldhariduskooli_oppuri_vanemale_0.pdf\" target=\"_blank\" rel=\"noopener noreferrer\">Era\u00fcldhariduskoolide toetamine riigi eelarvest<\/a><\/p><p><a href=\"https:\/\/www.hm.ee\/sites\/default\/files\/annetused_seisukoht_htm.pdf\" target=\"_blank\" rel=\"noopener noreferrer\">Annetamine ja ebam\u00f5istlikud\u00a0rahastamispraktikad \u00fcldhariduskoolides<\/a><\/p>    <\/div>\n<\/div>\n<!-- \/module text -->        <\/div>\n                        <\/div>\n        <\/div>\n        <\/div>\n<!--\/themify_builder_content-->","protected":false},"excerpt":{"rendered":"<p>P\u00f5hikool \u00f5ppeaastal 2024-2025 Tunniplaan 2024-2025 TLPK kodukord_2024 Tartu PK e-p\u00e4evik Stuudium Kodu\u00f5ppe e-p\u00e4evik Stuudium Kooli toitlustamine Koolivorm Lasteaed \u00f5ppeaastal 2023-2024 TLPK lasteaia tegevus-ja p\u00e4evakava TLPK lasteaia kodukord Lasteaia e-p\u00e4evik Eliis Lasteaia toitlustamine Kooli ametlik info- ja suhtluskanal on Stuudium ning lasteaial Eliis. K\u00f5ik lapsevanemate ametlikud kontaktaadressid lisatakse ka kooli v\u00f5i lasteaia \u00fcld meililistidesse kogukond_kool@luterlik.edu.ee kogukond_lasteaed@luterlik.edu.ee [&hellip;]<\/p>\n","protected":false},"author":1,"featured_media":217,"parent":0,"menu_order":10,"comment_status":"closed","ping_status":"closed","template":"","meta":{"footnotes":""},"class_list":["post-216","page","type-page","status-publish","has-post-thumbnail","hentry","has-post-title","has-post-date","has-post-category","has-post-tag","has-post-comment","has-post-author",""],"_links":{"self":[{"href":"https:\/\/www.luterlik.edu.ee\/uus\/wp-json\/wp\/v2\/pages\/216","targetHints":{"allow":["GET"]}}],"collection":[{"href":"https:\/\/www.luterlik.edu.ee\/uus\/wp-json\/wp\/v2\/pages"}],"about":[{"href":"https:\/\/www.luterlik.edu.ee\/uus\/wp-json\/wp\/v2\/types\/page"}],"author":[{"embeddable":true,"href":"https:\/\/www.luterlik.edu.ee\/uus\/wp-json\/wp\/v2\/users\/1"}],"replies":[{"embeddable":true,"href":"https:\/\/www.luterlik.edu.ee\/uus\/wp-json\/wp\/v2\/comments?post=216"}],"version-history":[{"count":2,"href":"https:\/\/www.luterlik.edu.ee\/uus\/wp-json\/wp\/v2\/pages\/216\/revisions"}],"predecessor-version":[{"id":219,"href":"https:\/\/www.luterlik.edu.ee\/uus\/wp-json\/wp\/v2\/pages\/216\/revisions\/219"}],"wp:featuredmedia":[{"embeddable":true,"href":"https:\/\/www.luterlik.edu.ee\/uus\/wp-json\/wp\/v2\/media\/217"}],"wp:attachment":[{"href":"https:\/\/www.luterlik.edu.ee\/uus\/wp-json\/wp\/v2\/media?parent=216"}],"curies":[{"name":"wp","href":"https:\/\/api.w.org\/{rel}","templated":true}]}}