{"id":207,"date":"2025-04-21T10:47:36","date_gmt":"2025-04-21T07:47:36","guid":{"rendered":"https:\/\/www.luterlik.edu.ee\/uus\/?page_id=207"},"modified":"2025-04-21T10:48:41","modified_gmt":"2025-04-21T07:48:41","slug":"teised-meist","status":"publish","type":"page","link":"https:\/\/www.luterlik.edu.ee\/uus\/meedias\/teised-meist\/","title":{"rendered":"TEISED MEIST"},"content":{"rendered":"<!--themify_builder_content-->\n<div id=\"themify_builder_content-207\" data-postid=\"207\" class=\"themify_builder_content themify_builder_content-207 themify_builder tf_clear\">\n                    <div  data-lazy=\"1\" class=\"module_row themify_builder_row tb_5n0a994 tb_first tf_w\">\n                        <div class=\"row_inner col_align_top tb_col_count_1 tf_box tf_rel\">\n                        <div  data-lazy=\"1\" class=\"module_column tb-column col-full tb_aw2k994 first\">\n                    <!-- module text -->\n<div  class=\"module module-text tb_u6ua786   \" data-lazy=\"1\">\n        <div  class=\"tb_text_wrap\">\n        <p><strong>TLPK meedias<\/strong><\/p><p>S\u00fcgisel alustab t\u00f6\u00f6d erivajadustega lastele m\u00f5eldud Karolini kool<br \/><a href=\"https:\/\/tartu.postimees.ee\/7505590\/sugisel-alustab-tood-erivajadustega-lastele-moeldud-karolini-kool\" target=\"_blank\" rel=\"noopener\">Tartu Postimees \/ 21.04.2022<\/a><\/p><p>P\u00f5lva Jakobi kooli kodu\u00f5ppe suunal \u00f5pib \u00f5pilasi 39 omavalitsusest<br \/><a href=\"https:\/\/www.err.ee\/1608476897\/polva-jakobi-kooli-koduoppe-suunal-opib-opilasi-39-omavalitsusest\" target=\"_blank\" rel=\"noopener\">ERR \/ 25.01.2022<\/a><\/p><p>Karolini kool pakub erivajadusega laste vanemate muredele kauaoodatud lahenduse<br \/><a href=\"https:\/\/opleht.ee\/2021\/12\/karolini-kool-pakub-erivajadusega-laste-vanemate-muredele-kauaoodatud-lahenduse\/\" target=\"_blank\" rel=\"noopener noreferrer\">\u00d5petajate Leht \/ 03.12.2021<\/a><\/p><p>Doktorit\u00f6\u00f6 kristlikust v\u00e4\u00e4rtuskasvatusest<br \/><a href=\"http:\/\/www.eestikirik.ee\/doktoritoo-kristlikust-vaartuskasvatusest\/\" target=\"_blank\" rel=\"noopener noreferrer\">Eesti Kirik \/ 27.10.2021<\/a><\/p><p>Haruldase geeniveaga Karolin inspireeris ta ema Tartus uut kooli looma<br \/><a href=\"https:\/\/tartu.postimees.ee\/7353448\/haruldase-geeniveaga-karolin-inspireeris-ta-ema-tartus-uut-kooli-looma\" target=\"_blank\" rel=\"noopener noreferrer\">Tartu Postimees \/ 05.10.2021<\/a><\/p><p>Erakoolides \u00f5pib aina rohkem lapsi (P\u00f5lva Jakobi Koolist)<br \/><a href=\"https:\/\/maaleht.delfi.ee\/artikkel\/94470969\/erakoolides-opib-aina-rohkem-lapsi-uks-oluline-pohjus-on-vaiksemad-klassid\" target=\"_blank\" rel=\"noopener noreferrer\">Maaleht \/ 02.09.2021<\/a><\/p><p>P\u00f5lva Jakobi kooli lasteaed sai peapiiskopi \u00f5nnistuse<br \/><a href=\"https:\/\/e-kirik.eelk.ee\/2021\/polva-jakobi-kooli-lasteaed-sai-peapiskopi-onnistuse\/\" target=\"_blank\" rel=\"noopener noreferrer\">E-Kirik \/ 02.08.2021<\/a><\/p><p>Peapiiskop Viilma \u00f5nnistas P\u00f5lvas sisse kristliku lasteaia<br \/><a href=\"https:\/\/lounapostimees.postimees.ee\/7305793\/peapiiskop-viilma-onnistas-polvas-sisse-kristliku-lasteaia\" target=\"_blank\" rel=\"noopener noreferrer\">L\u00f5una-Eesti Postimees \/ 01.08.2021<\/a><\/p><p>Kristlik alusharidus on P\u00f5lvas hinnas<br \/><a href=\"http:\/\/www.eestikirik.ee\/kristlik-alusharidus-on-polvas-hinnas\/\" target=\"_blank\" rel=\"noopener noreferrer\">Eesti Kirik \/ 12.05.2021<\/a><\/p><p>Kristliku kooli k\u00f5rvale asutatakse lasteaed<br \/><a href=\"https:\/\/lounapostimees.postimees.ee\/7243361\/kristliku-kooli-korvale-asutatakse-lasteaed\" target=\"_blank\" rel=\"noopener noreferrer\">L\u00f5una-Eesti Postimees \/ 08.05.2021<\/a><\/p><p>Koolide k\u00e4rpeplaan ei arvesta perede muutunud haridus- ja elukohaeelistusi<br \/><a href=\"https:\/\/leht.postimees.ee\/7242154\/koolide-karpeplaan-ei-arvesta-perede-muutunud-haridus-ja-elukohaeelistusi?_ga=2.188845090.844611023.1620231534-316755556.1618484527\" target=\"_blank\" rel=\"noopener noreferrer\">Postimees \/ 07.05.2021<\/a><\/p><p>Jakobi Kool kasvab ja avab lasteaiar\u00fchma<br \/><a href=\"https:\/\/www.polva.ee\/documents\/17842760\/30000832\/aprill2021.pdf\/5ac66b61-ea23-4f7d-aece-729af90e8b7d\" target=\"_blank\" rel=\"noopener noreferrer\">P\u00f5lva Teataja \/ 04.2021<\/a><\/p><p>Hajala ringvaate intervjuu Kadri Humal-Ayaliga<br \/><a href=\"https:\/\/vikerraadio.err.ee\/media\/video\/1187563?fbclid=IwAR2jXb6eaJuFs5xswR0nfgN7r9C3ZAPc1EqnM4-gNDusx3GT3udiBmM5eho\" target=\"_blank\" rel=\"noopener noreferrer\">ERR \/ 07.02.2021<\/a><\/p><p>S\u00fcmboolne m\u00e4lestusk\u00fc\u00fcnal Pille Valgule<br \/><a href=\"http:\/\/www.eestikirik.ee\/sumboolne-malestuskuunal-pille-valgule\/\" target=\"_blank\" rel=\"noopener noreferrer\">Eesti Kirik \/ 12.01.2021<\/a><\/p><p>Filmifestivalil saab osa \u201etaevamannast\u201d<br \/><a href=\"http:\/\/www.eestikirik.ee\/filmifestivalil-saab-osa-taevamannast\/\" target=\"_blank\" rel=\"noopener noreferrer\">Eesti Kirik \/ 25.11.2020<\/a><\/p><p>Peetri kool leidis ERMist oma s\u00f5jaeelse s\u00f5prade ringi lipu<br \/><a href=\"https:\/\/tartu.postimees.ee\/7054793\/peetri-kool-leidis-ermist-oma-sojaeelse-soprade-ringi-lipu\" target=\"_blank\" rel=\"noopener noreferrer\">Tartu Postimees \/ 21.06.2020<\/a><\/p><p>Peetri koolis \u00f5nnitleti p\u00e4rast kolmveerand sajandit taas l\u00f5petajaid<br \/><a href=\"https:\/\/tartu.postimees.ee\/7001650\/peetri-koolis-onnitleti-parast-kolmveerand-sajandit-taas-lopetajaid\" target=\"_blank\" rel=\"noopener noreferrer\">Tartu Postimees \/ 21.06.2020<\/a><\/p><p>Pedagoog ja vaimulik Triin K\u00e4pp: nelip\u00fchad \u00fchendavad meid ja kirikuid<br \/><a href=\"https:\/\/tartu.postimees.ee\/6984130\/pedagoog-ja-vaimulik-triin-kapp-nelipuhad-uhendavad-meid-ja-kirikuid\" target=\"_blank\" rel=\"noopener noreferrer\">Tartu Postimees \/ 29.05.2020<\/a><\/p><p>Erilisest olukorrast v\u00e4ljuvad kristlikud koolid tugevamana<br \/><a href=\"https:\/\/e-kirik.eelk.ee\/2020\/erilisest-olukorrast-valjuvad-koolid-tugevamana\/\" target=\"_blank\" rel=\"noopener noreferrer\">E-kirik \/ 30.04.2020<\/a><\/p><p>Laulur\u00f5\u00f5muga koolip\u00e4eva<br \/><a href=\"http:\/\/www.eestikirik.ee\/lauluroomuga-koolipaeva\/\" target=\"_blank\" rel=\"noopener noreferrer\">Eesti Kirik \/ 11.03.2020<\/a><\/p><p>Pille Valgu stipendium l\u00e4ks V\u00f5rumaale<br \/><a href=\"http:\/\/www.eestikirik.ee\/pille-valgu-stipendium-laks-vorumaale\/\" target=\"_blank\" rel=\"noopener noreferrer\">Eesti Kirik \/ 29.01.2020<\/a><\/p><p>Rahvus\u00fclikooli esimene rektor ja rahvuslik suurmees Henrik Koppel v\u00e4\u00e4rib ausammast.<br \/><a href=\"https:\/\/tartu.postimees.ee\/6858745\/rahvusulikooli-esimene-rektor-ja-rahvuslik-suurmees-vaarib-ausammast\" target=\"_blank\" rel=\"noopener noreferrer\">Tartu Postimees \/ 27.12.2019<\/a><\/p><p>Tartu legendaarses restoranis on n\u00fc\u00fcd kool<br \/><a href=\"http:\/\/opleht.ee\/2019\/09\/tartu-legendaarses-restoranis-on-nuud-kool\/\" target=\"_blank\" rel=\"noopener noreferrer\">\u00d5petajate Leht \/ 13.09.2019<\/a><\/p><p>Uus kristlik kool P\u00f5lvas alustas 11 \u00f5pilasega<br \/><a href=\"https:\/\/lounapostimees.postimees.ee\/6769006\/uus-kristlik-kool-polvas-alustas-11-opilasega\" target=\"_blank\" rel=\"noopener noreferrer\">L\u00f5una-Eesti Postimees \/ 04.09.2019<\/a><\/p><p>Peetri Kool kolis keldrist ballisaali<br \/><a href=\"https:\/\/tartu.postimees.ee\/6768871\/galerii-kristlik-kool-kolis-ooklubist-tuhjaks-jaanud-ruumidesse?fbclid=IwAR0yWbzQixWdqRf9X1FLAzvFENLgSxvCtWq0N4VUGapR5G9QFpWKbLWSc50\" target=\"_blank\" rel=\"noopener noreferrer\">Tartu Postimees \/ 04.09.2019<\/a><\/p><p>P\u00f5lva vallakeskus sai viienda kooli<br \/><a href=\"http:\/\/www.eestikirik.ee\/polva-vallakeskus-sai-viienda-kooli\/\" target=\"_blank\" rel=\"noopener noreferrer\">Eesti Kirik \/ 04.09.2019<\/a><\/p><p>P\u00f5lvan alostas Jakobi kuul<br \/><a href=\"http:\/\/umaleht.ee\/article\/polvan-alostas-jakobi-kuul\/\" target=\"_blank\" rel=\"noopener noreferrer\">Uma Leht \/ 29.08.2019<\/a><\/p><p>P\u00f5lvasse tuleb Tartu luterliku kooli filiaal<br \/><a href=\"https:\/\/lounapostimees.postimees.ee\/6720935\/polvasse-tuleb-tartu-luterliku-kooli-filiaal\" target=\"_blank\" rel=\"noopener noreferrer\">L\u00f5una-Eesti Postimees \/ 03.07.2019<\/a><\/p><p>\u00d5ppeaasta j\u00e4lle l\u00e4bi: mis tehtud, mis teoksil?<br \/><a href=\"http:\/\/opleht.ee\/2019\/06\/oppeaasta-jalle-labi-mis-tehtud-mis-teoksil\/\" target=\"_blank\" rel=\"noopener noreferrer\">\u00d5petajate Leht \/ 14.06.2019<\/a><\/p><p>Jakobi Kool on s\u00fcndinud<br \/><a href=\"https:\/\/www.luterlik.edu.ee\/wp-content\/uploads\/2019\/06\/140619Koit9-2.pdf\" target=\"_blank\" rel=\"noopener noreferrer\">Koit \/ 14.06.2019<\/a><\/p><p>Kirikuelu. P\u00f5lva Jakobi kooli loomine<br \/><a href=\"https:\/\/vikerraadio.err.ee\/946091\/kirikuelu-polva-jakobi-kooli-loomine\" target=\"_blank\" rel=\"noopener noreferrer\">Vikerraadio \/ 09.06.2019<\/a><\/p><p>Raadiosaade Tartu Luterlikust Peetri Koolist<br \/><a href=\"https:\/\/www.youtube.com\/watch?v=j7ZP9YNKI3M&amp;t=16s\" target=\"_blank\" rel=\"noopener noreferrer\">Taskuh\u00e4\u00e4ling \u201c\u00d5pime koos\u201d \/ 22.04.2019<\/a><\/p><p>P\u00f5lvas alustab t\u00f6\u00f6d kristlik p\u00f5hikool<br \/><a href=\"http:\/\/www.lounaleht.ee\/?page=1&amp;id=26315\" target=\"_blank\" rel=\"noopener noreferrer\">L\u00f5una Leht \/ 28.03.2019<\/a><\/p><p>Restorani Volga saalist saab koolis\u00f6\u00f6kla<br \/><a href=\"https:\/\/tartu.postimees.ee\/6550867\/restorani-volga-saalist-saab-koolisookla\" target=\"_blank\" rel=\"noopener noreferrer\">Tartu Postimees \/ 21.03.2019<\/a><\/p><p>Tartu Peetri kool avab P\u00f5lvas filiaali<br \/><a href=\"http:\/\/www.eestikirik.ee\/tartu-peetri-kool-avab-polvas-filiaali\/\" target=\"_blank\" rel=\"noopener noreferrer\">Eesti Kirik \/ 22.02.2019<\/a><\/p><p>Vanast Volgast saab v\u00e4hemalt 15 aastaks koolimaja<br \/><a href=\"https:\/\/tartu.postimees.ee\/6488303\/vanast-volgast-saab-vahemalt-15-aastaks-koolimaja\" target=\"_blank\" rel=\"noopener noreferrer\">Tartu Postimees \/ 31.12.2018<\/a><\/p><p>Peetri lasteaed avas n\u00e4dalavahetuse r\u00fchma<br \/><a href=\"https:\/\/tartu.postimees.ee\/6413967\/peetri-lasteaed-avas-nadalavahetuse-ruhma\" target=\"_blank\" rel=\"noopener noreferrer\">Tartu Postimees \/ 26.09.2018<\/a><\/p><p>Triin K\u00e4pp:\u00a0Lihav\u00f5ttej\u00e4neste ootel<br \/><a href=\"http:\/\/www.eestikirik.ee\/lihavottejaneste-ootel\/\" target=\"_blank\" rel=\"noopener noreferrer\">Eesti Kirik \/ 28.03.2018<\/a><\/p><p>Liina Raudvassar:\u00a0Lihav\u00f5ttej\u00e4neste ootel<br \/><a href=\"http:\/\/www.eestikirik.ee\/lihavottejaneste-ootel\/\" target=\"_blank\" rel=\"noopener noreferrer\">Eesti Kirik \/ 28.03.2018<\/a><\/p><p>Ene Puusemp: Peetri kooli esimesed j\u00f5ulud<br \/><a href=\"https:\/\/tartu.postimees.ee\/4350919\/joulukuu-ime-algkooli-mudilased-laulsid-lugesid-ja-tegid-naitemangu-oma-emakeeles\" target=\"_blank\" rel=\"noopener noreferrer\">Tartu Postimees\u00a0\/ 21.12.2017<\/a><\/p><p>Nelja riigi haridusspetsialistid tutvusid Eesti hariduss\u00fcsteemiga<br \/><a href=\"http:\/\/opleht.ee\/2017\/03\/nelja-riigi-haridusspetsialistid-tutvusid-eesti-haridussusteemiga\/\" target=\"_blank\" rel=\"noopener noreferrer\">\u00d5petajate Leht \/ 14.03.2017<\/a><\/p><p>Vaata, kellele jagus Tartus ja Tartumaal poliitikute katuseraha<br \/><a href=\"http:\/\/tartu.postimees.ee\/3945951\/vaata-kellele-jagus-tartus-ja-tartumaal-poliitikute-katuseraha\" target=\"_blank\" rel=\"noopener noreferrer\">Tartu Postimees \/ 14.12.2016<\/a><\/p><p>K\u00f5ige suurep\u00e4rasem kool ja lasteaed asuvad Tartus<br \/><a href=\"http:\/\/tartu.postimees.ee\/3942351\/koige-suurepaerasem-kool-ja-lasteaed-asuvad-tartus\" target=\"_blank\" rel=\"noopener noreferrer\">Tartu Postimees \/ 12.12.2016<\/a><\/p><p>Tartu Luterlik Peetri kool alustab t\u00f6id koolimaja taastamiseks<br \/><a href=\"http:\/\/opleht.ee\/38295-tartu-luterlik-peetri-kool-alustab-ehitustoid-koolimaja-taastamiseks\/\" target=\"_blank\" rel=\"noopener noreferrer\">\u00d5petajate Leht \/ 26.10.2016<\/a><\/p><p>Laadalised trotsisid Peetri kiriku \u00f5uel koerailma<br \/><a href=\"http:\/\/tartu.postimees.ee\/v2\/3865631\/pildid-laadalised-trotsisid-peetri-kiriku-ouel-koerailma\" target=\"_blank\" rel=\"noopener noreferrer\">Tartu Postimees \/ 08.10.2016<\/a><\/p><p>Luterlik Peetri kool kutsub l\u00f5ikust\u00e4nup\u00fcha laadale<br \/><a href=\"http:\/\/tartu.postimees.ee\/3862883\/luterlik-peetri-kool-kutsub-loikustanupuha-laadale\" target=\"_blank\" rel=\"noopener noreferrer\">Tartu Postimees \/ 06.10.2016<\/a><\/p><p>Tartu luterlik Peetri kool hakkab taastama ajaloolist koolimaja<br \/><a href=\"http:\/\/opleht.ee\/37358-tartu-luterlik-peetri-kool-hakkab-taastama-ajaloolist-koolimaja\/\" target=\"_blank\" rel=\"noopener noreferrer\">\u00d5petajate Leht \/ 05.10.2016<\/a><\/p><p>Peetri kooli asutamisest 110 aastat<br \/><a href=\"http:\/\/www.eestikirik.ee\/peetri-kooli-asutamisest-110-aastat\/\" target=\"_blank\" rel=\"noopener noreferrer\">Eesti Kirik \/ 07.09.2016<\/a><\/p><p>K\u00f5ige valgemat \u00f6\u00f6d t\u00e4idavad vanad m\u00e4ngud<br \/><a href=\"http:\/\/tartu.postimees.ee\/3740905\/koige-valgemat-ood-taidavad-vanad-mangud\" target=\"_blank\" rel=\"noopener noreferrer\">Tartu Postimees\u00a0\/ 23.06.2016<\/a><\/p><p>Kaarsilla uued vaated v\u00f5tavad hoo maha<br \/><a href=\"http:\/\/tartu.postimees.ee\/3733615\/kaarsilla-uued-vaated-votavad-hoo-maha\" target=\"_blank\" rel=\"noopener noreferrer\">Tartu Postimees\u00a0\/ 15.06.2016<\/a><\/p><p>Lauldes taevaisale<br \/><a href=\"http:\/\/www.eestikirik.ee\/lauldes-taevaisale\/\" target=\"_blank\" rel=\"noopener noreferrer\">Eesti Kirik \/ 27.04.2016<\/a><\/p><p>Peetri kool ehitab vana hoone uueks<br \/><a href=\"http:\/\/tartu.postimees.ee\/3653445\/peetri-kool-ehitab-vana-hoone-uueks\" target=\"_blank\" rel=\"noopener noreferrer\">Tartu Postimees \/ 13.04.2016<\/a><\/p><p>Peetri kooli kroonikaraamat on kodus<br \/><a href=\"http:\/\/www.eestikirik.ee\/peetri-kooli-kroonikaraamat-on-kodus\/\" target=\"_blank\" rel=\"noopener noreferrer\">Eesti Kirik \/ 16.03.2016<\/a><\/p><p>Pille Valgu elut\u00f6\u00f6 j\u00e4tkamiseks<br \/><a href=\"http:\/\/www.eestikirik.ee\/pille-valgu-elutoo-jatkamiseks\/\" target=\"_blank\" rel=\"noopener noreferrer\">Eesti Kirik \/ 06.01.2016<\/a><\/p><p>On aeg olla t\u00e4nulik<br \/><a href=\"http:\/\/tartu.postimees.ee\/3445431\/tarvo-siilaberg-on-aeg-olla-tanulik\" target=\"_blank\" rel=\"noopener noreferrer\">Tartu Postimees \/ 25.12.2015<\/a><\/p><p>Tarvo Siilaberg: erakoolide rahastamist kitsendav eeln\u00f5u tuleb peatada<br \/><a href=\"http:\/\/objektiiv.ee\/tarvo-siilaberg-erakolide-rahastamist-kitsendav-eelnou-tuleb-peatada\/\" target=\"_blank\" rel=\"noopener noreferrer\">Objektiiv.ee \/ 10.11.2015<\/a><\/p><p>Tartu Luterliku Peetri Kooli riikliku j\u00e4relevalve tulemused<br \/><a href=\"https:\/\/www.luterlik.edu.ee\/wp-content\/uploads\/2016\/03\/Tartu-Luterliku-Peetri-Kooli-rjv-\u00f5iend.pdf\" target=\"_blank\" rel=\"noopener noreferrer\">RIIKLIKU J\u00c4RELEVALVE \u00d5IEND \/ 16.10.2015<\/a><\/p><p>Tartu linn tunnustas<br \/><a href=\"http:\/\/www.eestikirik.ee\/tartu-linn-tunnustas\/\" target=\"_blank\" rel=\"noopener noreferrer\">Eesti Kirik \/ 07.10.2015<\/a><\/p><p>Jagavad teadmisi ja hingeharidust<br \/><a href=\"http:\/\/www.eestikirik.ee\/jagavad-teadmisi-ja-hingeharidust\/\" target=\"_blank\" rel=\"noopener noreferrer\">Eesti Kirik \/ 09.09.2015<\/a><\/p><p>Supilinna lasteaed saab kasutusloa<br \/><a href=\"http:\/\/tartu.postimees.ee\/3318791\/supilinna-lasteaed-saab-kasutusloa\" target=\"_blank\" rel=\"noopener noreferrer\">Tartu Postimees \/ 07.09.2015<\/a><\/p><p>Kristlikud koolid<br \/><a href=\"http:\/\/vikerraadio.err.ee\/v\/kirikuelu\/saated\/54f317ee-14dc-4c01-b67a-f74a32f52efb\/kirikuelu-kristlikud-koolid\" target=\"_blank\" rel=\"noopener noreferrer\">Kirikuelu \/ 06.09.2015<\/a><\/p><p>Lasteaiamaja \u00fcmbertegemine l\u00e4ks loodetust kaks korda kallimaks<br \/><a href=\"http:\/\/tartu.postimees.ee\/3278655\/lasteaiamaja-umbertegemine-laks-loodetust-kaks-korda-kallimaks\" target=\"_blank\" rel=\"noopener noreferrer\">Tartu Postimees \/ 31.07.2015<\/a><\/p><p>Vilistlaste ja osalejate inspiratsioonik\u00e4ik Tartu koolides<br \/><a href=\"http:\/\/www.nooredkooli.ee\/paevik\/vilistlaste-ja-osalejate-inspiratsioonikaik-tartu-koolides\/\" target=\"_blank\" rel=\"noopener noreferrer\">Noored kooli \/ 13.05.2015<\/a><\/p>    <\/div>\n<\/div>\n<!-- \/module text --><!-- module text -->\n<div  class=\"module module-text tb_pi5c413   \" data-lazy=\"1\">\n        <div  class=\"tb_text_wrap\">\n        <p>Karu lasteaed kolis Kroonuaia majast v\u00e4lja \u2013 omanik \u00fc\u00fcrib ruumid Peetri kooli lasteaiale<br \/><a href=\"http:\/\/tartu.postimees.ee\/3141393\/karu-lasteaed-kolis-kroonuaia-majast-valja\" target=\"_blank\" rel=\"noopener noreferrer\">Tartu Postimees \/ 01.04.2015<\/a><\/p><p>Kristlik v\u00e4\u00e4rtuskasvatus ja kirikukoolid.<br \/><a href=\"http:\/\/heli.er.ee\/helid\/2485261.mp3\" target=\"_blank\" rel=\"noopener noreferrer\">Kirikuelu \/ 29.03.2015<\/a><\/p><p>Tartu Peetri Koolis v\u00e4\u00e4rtustatakse \u00f5pilast<br \/><a href=\"http:\/\/www.eestikirik.ee\/tartu-peetri-koolis-vaartustatakse-opilast\/\" target=\"_blank\" rel=\"noopener noreferrer\">Eesti Kirik \/ 25.02.2015<\/a><\/p><p>V\u00e4ike Karu paneb \u00fche lasteaia kinni \u2013 asemele tuleb Peetri kooli lasteaed<br \/><a href=\"http:\/\/tartu.postimees.ee\/3096125\/vaike-karu-paneb-uhe-lasteaia-kinni\" target=\"_blank\" rel=\"noopener noreferrer\">Tartu Postimees \/ 19.02.2015<\/a><\/p><p>Peetri kogudus taastab oma koolimaja<br \/><a href=\"http:\/\/tartu.postimees.ee\/3061251\/peetri-kogudus-taastab-oma-koolimaja\" target=\"_blank\" rel=\"noopener noreferrer\">Tartu Postimees \/ 20.01.2015<\/a><\/p><p>Kristlikud koolid on \u00fchiskonna teenistuses<br \/><a href=\"http:\/\/www.eestikirik.ee\/kristlikud-koolid-on-uhiskonna-teenistuses\/\" target=\"_blank\" rel=\"noopener noreferrer\">Eesti Kirik \/ 03.12.2014<\/a><\/p><p>Lapsed, vanemad ja \u00f5petajad t\u00e4histasid teistmoodi mardip\u00e4eva<br \/><a href=\"http:\/\/tartu.postimees.ee\/2986717\/lapsed-vanemad-ja-opetajad-tahistasid-teistmoodi-mardipaeva\" target=\"_blank\" rel=\"noopener noreferrer\">Tartu Postimees \/ 11.10.2014<\/a><\/p><p>Kooli heategevuslaat \u00fcletas mulluse tulu<br \/><a href=\"http:\/\/tartu.postimees.ee\/2952077\/kooli-heategevuslaat-uletas-mulluse-tulu\" target=\"_blank\" rel=\"noopener noreferrer\">Tartu Postimees \/ 13.10.2014<\/a><\/p><p>\u00d5petaja Ave Gill: Loomulikku usuelu tuleb elada nii kodus kui koolis<br \/><a href=\"http:\/\/teek.ee\/index.php\/teemad\/8-persoon\/1391-opetaja-ave-gill-loomulikku-usuelu-tuleb-elada-nii-kodus-kui-koolis\" target=\"_blank\" rel=\"noopener noreferrer\">Teek\u00e4ija \/ 09.2014<\/a><\/p>    <\/div>\n<\/div>\n<!-- \/module text --><!-- module text -->\n<div  class=\"module module-text tb_puyj810   \" data-lazy=\"1\">\n        <div  class=\"tb_text_wrap\">\n        <p>K\u00fclvi Teder: K\u00f5ige olulisem aeg on lapse loodud m\u00e4ngu aeg<br \/><a href=\"http:\/\/opleht.ee\/2014\/09\/kulvi-teder-koige-olulisem-aeg-on-lapse-loodud-mangu-aeg\/\" target=\"_blank\" rel=\"noopener noreferrer\">\u00d5petajate Leht \/ 12.09.2014<\/a><\/p><p>K\u00f5neldi v\u00e4\u00e4rtuskasvatusest kristlikus koolis<br \/><a href=\"http:\/\/www.eestikirik.ee\/koneldi-vaartuskasvatusest-kristlikus-koolis\/\" target=\"_blank\" rel=\"noopener noreferrer\">Eesti Kirik \/ 09.04.2014<\/a><\/p><p>Aasta vaimulik 2013 Ants Tooming<br \/><a href=\"http:\/\/vikerraadio.err.ee\/helid\" target=\"_blank\" rel=\"noopener noreferrer\">Kirikuelu \/ 09.02.2014<\/a><\/p><p>Peetri kooli kasvamisest<br \/><a href=\"http:\/\/www.eestikirik.ee\/kristlik-kasvatus-kogub-elujoudu\/\" target=\"_blank\" rel=\"noopener noreferrer\">Eesti Kirik \/ 29.01.2014<\/a><\/p><p>Lasteaia laienemisest \u2026<br \/><a href=\"http:\/\/opleht.ee\/12519-tartu-luterliku-peetri-kooli-lasteaed-laieneb\/\" target=\"_blank\" rel=\"noopener noreferrer\">\u00d5petajate Leht \/ 15.01.2014 <\/a><\/p><p>150. aastat Peetri kooli rajaja Henrik Koppeli s\u00fcnnist<br \/><a href=\"http:\/\/www.ajakiri.ut.ee\/artikkel\/336\" target=\"_blank\" rel=\"noopener noreferrer\">Tartu \u00dclikooli ajakiri \/ jaanuar.2014<\/a><\/p><p>Tartu valis 2013. aasta teod<br \/><a href=\"http:\/\/www.tartupostimees.ee\/2645708\/tartu-valis-aasta-teoks-suured-teetood-linnaserval\" target=\"_blank\" rel=\"noopener noreferrer\">Tartu Postimees \/ 30.12.2013 <\/a><\/p><p>\u00dchistegevuse pooltund<br \/><a href=\"http:\/\/www.youtube.com\/watch\" target=\"_blank\" rel=\"noopener noreferrer\">Telesaade \/ 16.12.2013<\/a><\/p><p>Tartu aasta teo valimine 2013<br \/><a href=\"http:\/\/www.tartupostimees.ee\/2618266\/siin-saab-valida-tartu-aasta-tegu-2013\" target=\"_blank\" rel=\"noopener noreferrer\">Tartu Postimees \/ 18.12.2013<\/a><\/p>    <\/div>\n<\/div>\n<!-- \/module text --><!-- module text -->\n<div  class=\"module module-text tb_3ypz871   \" data-lazy=\"1\">\n        <div  class=\"tb_text_wrap\">\n        <p>Parema maailma vundamendi laob kool<br \/><a href=\"http:\/\/www.tartupostimees.ee\/2056864\/parema-maailma-vundamendi-laob-kool\" target=\"_blank\" rel=\"noopener noreferrer\">Tartu Postimees \/ 18.09.2013<\/a><\/p><p>Aktus kogu eluks<br \/><a href=\"http:\/\/www.eestikirik.ee\/aktus-kogu-eluks\/\" target=\"_blank\" rel=\"noopener noreferrer\">Eesti Kirik \/ 04.09.2013<\/a><\/p><p>Peetri koolis alustas kuus \u00f5pilast<br \/><a href=\"http:\/\/www.tartupostimees.ee\/1368850\/peetri-koolis-alustas-kuus-opilast\" target=\"_blank\" rel=\"noopener noreferrer\">Tartu Postimees \/ 02.09.2013 <\/a><\/p><p>Peetri kool sai koolitusloa<br \/><a href=\"http:\/\/www.tartupostimees.ee\/1316854\/peetri-kool-sai-koolitusloa\" target=\"_blank\" rel=\"noopener noreferrer\">Tartu Postimees \/ 31.06.2013<\/a><\/p><p>Tung erakoolidesse suureneb<br \/><a href=\"http:\/\/www.tartupostimees.ee\/1197388\/tung-erakoolidesse-suureneb\" target=\"_blank\" rel=\"noopener noreferrer\">Tartu Postimees \/ 10.04.2013<\/a><\/p><p>Lasteaed-p\u00f5hikool ootab lapsi<br \/><a href=\"http:\/\/www.eestikirik.ee\/\" target=\"_blank\" rel=\"noopener noreferrer\">Eesti Kirik \/ 13.02.2013<\/a><\/p><p>Tartu Luterlik Peetri Kool alustas vastuv\u00f5ttu<br \/><a href=\"http:\/\/koolielu.ee\/info\/readnews\/205693\/tartu-luterlik-peetri-kool-alustas-vastuvottu\" target=\"_blank\" rel=\"noopener noreferrer\">Kooli Elu \/ 11.02.2013<\/a><\/p><p>Uued koolid Eestis: Tartu Luterlik Peetri Kool<br \/><a href=\"http:\/\/www.telegram.ee\/eesti\/uued-koolid-eestis-tartu-luterlik-peetri-kool\" target=\"_blank\" rel=\"noopener noreferrer\">Telegram \/ 06.07.2013<\/a><\/p><p>Tartu Luterlik Peetri Kool alustas vastuv\u00f5ttu<br \/><a href=\"http:\/\/www.tartupostimees.ee\/1133426\/tartu-luterlik-peetri-kool-alustas-vastuvottu\/\" target=\"_blank\" rel=\"noopener noreferrer\">Tartu Postimees \/ 11.02.2013<\/a><\/p><p>Haridussaade \u201cKool On\u201d<br \/><a href=\"http:\/\/podcast.kuku.ee\/saated\/koolon\/\" target=\"_blank\" rel=\"noopener noreferrer\">Kuku Raadio \/ 05.01.2013<\/a><\/p>    <\/div>\n<\/div>\n<!-- \/module text --><!-- module text -->\n<div  class=\"module module-text tb_kpsa80   \" data-lazy=\"1\">\n        <div  class=\"tb_text_wrap\">\n        <p>Tartu Peetri kiriku juures k\u00e4ivad ettevalmistused koguduse kooli taastamiseks<br \/><a href=\"http:\/\/mk.eestiselts.org\/TARTU_PEETRI_KIRIKU_JUURES_KAIVAD__418.htm\" target=\"_blank\" rel=\"noopener noreferrer\">Meie Kodu \u2013 Eesti Selts \/ 09.11.2012<\/a><\/p><p>Aitame kaasa kristliku kooli taass\u00fcnnile<br \/><a href=\"http:\/\/www.eestikirik.ee\/\" target=\"_blank\" rel=\"noopener noreferrer\">Eesti Kirik \/ 03.10.2012<\/a><\/p><p>R\u00f5\u00f5muks ja t\u00e4nuks \u2013 kogudusele ja Jumalale<br \/><a href=\"http:\/\/www.eestikirik.ee\/node\/14326\" target=\"_blank\" rel=\"noopener noreferrer\">Eesti Kirik \/ 25.04.2012<\/a><\/p><p>Tartus plaanitakse avada kristlik kool<br \/><a href=\"http:\/\/www.eestikirik.ee\/node\/13714\" target=\"_blank\" rel=\"noopener noreferrer\">Eesti Kirik \/ 11.01.2012<\/a><\/p><p>Peetri kirik kerkis rahva annetustest<br \/><a href=\"http:\/\/www.eelk.ee\/~ktrtpeetri\/kooliajalugu.php\" target=\"_blank\" rel=\"noopener noreferrer\">EELK Tartu Peetri Kogudus \/ Artikkel Tartu Postimehest 04.09.2009<\/a><\/p><p>N\u00f5ukogude aeg muutis kooli kombinaadiks<br \/><a href=\"http:\/\/www.tartupostimees.ee\/595762\/noukogude-aeg-muutis-kooli-kombinaadiks\/\" target=\"_blank\" rel=\"noopener noreferrer\">Tartu Postimees \/ 12.10.2011<\/a><\/p><p>Emakeelse kooli avamine oli kangelastegu<br \/><a href=\"http:\/\/www.tartupostimees.ee\/198663\/emakeelse-kooli-avamine-oli-kangelastegu\/\" target=\"_blank\" rel=\"noopener noreferrer\">Tartu Postimees \/ 09.12.2009<\/a><\/p>    <\/div>\n<\/div>\n<!-- \/module text -->        <\/div>\n                        <\/div>\n        <\/div>\n        <\/div>\n<!--\/themify_builder_content-->","protected":false},"excerpt":{"rendered":"<p>TLPK meedias S\u00fcgisel alustab t\u00f6\u00f6d erivajadustega lastele m\u00f5eldud Karolini kool Tartu Postimees \/ 21.04.2022 P\u00f5lva Jakobi kooli kodu\u00f5ppe suunal \u00f5pib \u00f5pilasi 39 omavalitsusest ERR \/ 25.01.2022 Karolini kool pakub erivajadusega laste vanemate muredele kauaoodatud lahenduse \u00d5petajate Leht \/ 03.12.2021 Doktorit\u00f6\u00f6 kristlikust v\u00e4\u00e4rtuskasvatusest Eesti Kirik \/ 27.10.2021 Haruldase geeniveaga Karolin inspireeris ta ema Tartus uut kooli [&hellip;]<\/p>\n","protected":false},"author":1,"featured_media":0,"parent":198,"menu_order":0,"comment_status":"closed","ping_status":"closed","template":"","meta":{"footnotes":""},"class_list":["post-207","page","type-page","status-publish","hentry","has-post-title","has-post-date","has-post-category","has-post-tag","has-post-comment","has-post-author",""],"_links":{"self":[{"href":"https:\/\/www.luterlik.edu.ee\/uus\/wp-json\/wp\/v2\/pages\/207","targetHints":{"allow":["GET"]}}],"collection":[{"href":"https:\/\/www.luterlik.edu.ee\/uus\/wp-json\/wp\/v2\/pages"}],"about":[{"href":"https:\/\/www.luterlik.edu.ee\/uus\/wp-json\/wp\/v2\/types\/page"}],"author":[{"embeddable":true,"href":"https:\/\/www.luterlik.edu.ee\/uus\/wp-json\/wp\/v2\/users\/1"}],"replies":[{"embeddable":true,"href":"https:\/\/www.luterlik.edu.ee\/uus\/wp-json\/wp\/v2\/comments?post=207"}],"version-history":[{"count":5,"href":"https:\/\/www.luterlik.edu.ee\/uus\/wp-json\/wp\/v2\/pages\/207\/revisions"}],"predecessor-version":[{"id":212,"href":"https:\/\/www.luterlik.edu.ee\/uus\/wp-json\/wp\/v2\/pages\/207\/revisions\/212"}],"up":[{"embeddable":true,"href":"https:\/\/www.luterlik.edu.ee\/uus\/wp-json\/wp\/v2\/pages\/198"}],"wp:attachment":[{"href":"https:\/\/www.luterlik.edu.ee\/uus\/wp-json\/wp\/v2\/media?parent=207"}],"curies":[{"name":"wp","href":"https:\/\/api.w.org\/{rel}","templated":true}]}}