{"id":147,"date":"2025-04-21T10:27:47","date_gmt":"2025-04-21T07:27:47","guid":{"rendered":"https:\/\/www.luterlik.edu.ee\/uus\/?page_id=147"},"modified":"2025-04-21T10:27:47","modified_gmt":"2025-04-21T07:27:47","slug":"kooli-noukogu","status":"publish","type":"page","link":"https:\/\/www.luterlik.edu.ee\/uus\/kooli-noukogu\/","title":{"rendered":"KOOLI N\u00d5UKOGU"},"content":{"rendered":"<!--themify_builder_content-->\n<div id=\"themify_builder_content-147\" data-postid=\"147\" class=\"themify_builder_content themify_builder_content-147 themify_builder tf_clear\">\n                    <div  data-lazy=\"1\" class=\"module_row themify_builder_row tb_v69c342 tb_first tf_w\">\n                        <div class=\"row_inner col_align_top tb_col_count_1 tf_box tf_rel\">\n                        <div  data-lazy=\"1\" class=\"module_column tb-column col-full tb_h42t342 first\">\n                    <!-- module text -->\n<div  class=\"module module-text tb_js64756   \" data-lazy=\"1\">\n        <div  class=\"tb_text_wrap\">\n        <table><tbody><tr><td>Rein Schihalejev<\/td><td>direktor<\/td><td class=\"has-text-align-center\" data-align=\"center\">koolijuht@luterlik.edu.ee<\/td><\/tr><tr><td>Klaus-Peeter Ladva<\/td><td>LA vanemate esindaja<\/td><td class=\"has-text-align-center\" data-align=\"center\">k.p.ladva@gmail.com<\/td><\/tr><tr><td>Heidi Sarap<\/td><td>LA pedagoogide esindaja<\/td><td class=\"has-text-align-center\" data-align=\"center\">heidi@luterlik.edu.ee<\/td><\/tr><tr><td>Hedi Hellenurm-Sepp<\/td><td>PK vanemate esindaja<\/td><td class=\"has-text-align-center\" data-align=\"center\">hedi.sepp@gmail.com<\/td><\/tr><tr><td>Anu Kuld<\/td><td>PK pedagoogide esindaja<\/td><td class=\"has-text-align-center\" data-align=\"center\">anukuld@luterlik.edu.ee<\/td><\/tr><tr><td>Kaido Kubri<\/td><td>K\u00d5 vanemate esindaja<\/td><td class=\"has-text-align-center\" data-align=\"center\">kaido.kubri@gmail.com<\/td><\/tr><tr><td>Kadi K\u00fcnnapuu (esimees)<\/td><td>K\u00d5 pedagoogide esindaja<\/td><td class=\"has-text-align-center\" data-align=\"center\">koduope@luterlik.edu.ee<\/td><\/tr><tr><td>Kristin Illak<\/td><td>KK vanemate esindaja<\/td><td class=\"has-text-align-center\" data-align=\"center\">kristin.illak@gmail.com<\/td><\/tr><tr><td>Johanna Sild<\/td><td>KK pedagoogide esindaja<\/td><td class=\"has-text-align-center\" data-align=\"center\">johanna@luterlik.edu.ee<\/td><\/tr><tr><td>Triin K\u00e4pp<\/td><td>MT\u00dc TLPK esindaja<\/td><td class=\"has-text-align-center\" data-align=\"center\">triin.kapp@gmail.com<\/td><\/tr><tr><td>Marek Roots<\/td><td>EELK esindaja<\/td><td class=\"has-text-align-center\" data-align=\"center\">marek.roots@eelk.ee<\/td><\/tr><\/tbody><\/table>    <\/div>\n<\/div>\n<!-- \/module text -->        <\/div>\n                        <\/div>\n        <\/div>\n        <\/div>\n<!--\/themify_builder_content-->","protected":false},"excerpt":{"rendered":"<p>Rein Schihalejev direktor koolijuht@luterlik.edu.ee Klaus-Peeter Ladva LA vanemate esindaja k.p.ladva@gmail.com Heidi Sarap LA pedagoogide esindaja heidi@luterlik.edu.ee Hedi Hellenurm-Sepp PK vanemate esindaja hedi.sepp@gmail.com Anu Kuld PK pedagoogide esindaja anukuld@luterlik.edu.ee Kaido Kubri K\u00d5 vanemate esindaja kaido.kubri@gmail.com Kadi K\u00fcnnapuu (esimees) K\u00d5 pedagoogide esindaja koduope@luterlik.edu.ee Kristin Illak KK vanemate esindaja kristin.illak@gmail.com Johanna Sild KK pedagoogide esindaja johanna@luterlik.edu.ee Triin K\u00e4pp [&hellip;]<\/p>\n","protected":false},"author":1,"featured_media":0,"parent":0,"menu_order":4,"comment_status":"closed","ping_status":"closed","template":"","meta":{"footnotes":""},"class_list":["post-147","page","type-page","status-publish","hentry","has-post-title","has-post-date","has-post-category","has-post-tag","has-post-comment","has-post-author",""],"_links":{"self":[{"href":"https:\/\/www.luterlik.edu.ee\/uus\/wp-json\/wp\/v2\/pages\/147","targetHints":{"allow":["GET"]}}],"collection":[{"href":"https:\/\/www.luterlik.edu.ee\/uus\/wp-json\/wp\/v2\/pages"}],"about":[{"href":"https:\/\/www.luterlik.edu.ee\/uus\/wp-json\/wp\/v2\/types\/page"}],"author":[{"embeddable":true,"href":"https:\/\/www.luterlik.edu.ee\/uus\/wp-json\/wp\/v2\/users\/1"}],"replies":[{"embeddable":true,"href":"https:\/\/www.luterlik.edu.ee\/uus\/wp-json\/wp\/v2\/comments?post=147"}],"version-history":[{"count":2,"href":"https:\/\/www.luterlik.edu.ee\/uus\/wp-json\/wp\/v2\/pages\/147\/revisions"}],"predecessor-version":[{"id":149,"href":"https:\/\/www.luterlik.edu.ee\/uus\/wp-json\/wp\/v2\/pages\/147\/revisions\/149"}],"wp:attachment":[{"href":"https:\/\/www.luterlik.edu.ee\/uus\/wp-json\/wp\/v2\/media?parent=147"}],"curies":[{"name":"wp","href":"https:\/\/api.w.org\/{rel}","templated":true}]}}