{"id":141,"date":"2025-04-21T10:25:46","date_gmt":"2025-04-21T07:25:46","guid":{"rendered":"https:\/\/www.luterlik.edu.ee\/uus\/?page_id=141"},"modified":"2025-04-21T10:25:46","modified_gmt":"2025-04-21T07:25:46","slug":"arengukava","status":"publish","type":"page","link":"https:\/\/www.luterlik.edu.ee\/uus\/pohimotted\/arengukava\/","title":{"rendered":"ARENGUKAVA"},"content":{"rendered":"<!--themify_builder_content-->\n<div id=\"themify_builder_content-141\" data-postid=\"141\" class=\"themify_builder_content themify_builder_content-141 themify_builder tf_clear\">\n                    <div  data-lazy=\"1\" class=\"module_row themify_builder_row tb_g364115 tb_first tf_w\">\n                        <div class=\"row_inner col_align_top tb_col_count_1 tf_box tf_rel\">\n                        <div  data-lazy=\"1\" class=\"module_column tb-column col-full tb_a8m1115 first\">\n                    <!-- module text -->\n<div  class=\"module module-text tb_yqlf570   \" data-lazy=\"1\">\n        <div  class=\"tb_text_wrap\">\n        <div class=\"entry-content clearfix\"><p align=\"JUSTIFY\"><a href=\"https:\/\/www.luterlik.edu.ee\/wp-content\/uploads\/2023\/02\/Arengukava-2023-2025.pdf\">Arengukava 2023-2025<\/a><\/p><p align=\"JUSTIFY\">TLPK arengukava on dokument, mis kirjeldab haridusasutuse arendustegevuse valdkondi, l\u00e4htepositsioone, eesm\u00e4rke, tegevusn\u00e4itajad, m\u00e4\u00e4ratleb tegevuskava kolmeks aastaks ning s\u00e4testab arengukava uuendamise korra. Lisaks asjakohastele \u00f5igusaktidele l\u00e4htub arengukava TLPK p\u00f5hikirjast, lasteaia ja kooli \u00f5ppekavadest, sise- ja v\u00e4lishindamise tulemusena kogutud tagasisidest ning <a href=\"http:\/\/www.eetika.ee\/et\/vaartusarendus\/hea-kooli-mudel\" target=\"_blank\" rel=\"noopener noreferrer\">Tartu \u00dclikooli eetikakeskuse hea kooli ja lasteaia mudelist<\/a>. Eetikakeskuse poolt v\u00e4ljat\u00f6\u00f6tatud hea kooli ja hea lasteaia aspektidest (valdkonniti: \u00f5ppe- ja kasvatust\u00f6\u00f6, keskkond, juhtimine, koost\u00f6\u00f6 ja head suhted) l\u00e4htuvalt on kirjeldatud nii l\u00e4htepositsioone kui arendustegevuse eesm\u00e4rke.<\/p><p align=\"JUSTIFY\"><a href=\"https:\/\/www.luterlik.edu.ee\/wp-content\/uploads\/2021\/08\/TLPK-arengukava_2019-2022.pdf\" target=\"_blank\" rel=\"noopener noreferrer\">Arengukava 2019-2022<\/a><\/p><p align=\"JUSTIFY\"><a href=\"https:\/\/www.luterlik.edu.ee\/wp-content\/uploads\/2016\/03\/TLPK-arengukava_2016-2019-1.pdf\" target=\"_blank\" rel=\"noopener noreferrer\">Arengukava<\/a><a href=\"https:\/\/www.luterlik.edu.ee\/wp-content\/uploads\/2016\/03\/TLPK-arengukava_2016-2019-1.pdf\" target=\"_blank\" rel=\"noopener noreferrer\"> 2016-2<\/a><a href=\"https:\/\/www.luterlik.edu.ee\/wp-content\/uploads\/2016\/03\/TLPK-arengukava_2016-2019-1.pdf\" target=\"_blank\" rel=\"noopener noreferrer\">019<\/a><\/p><p><a href=\"https:\/\/www.luterlik.edu.ee\/wp-content\/uploads\/2016\/03\/Tartu-Luterlik-Peetri-Kool_arengukava.pdf\" target=\"_blank\" rel=\"noopener noreferrer\">Arengukav<\/a><a href=\"https:\/\/www.luterlik.edu.ee\/wp-content\/uploads\/2016\/03\/Tartu-Luterlik-Peetri-Kool_arengukava.pdf\" target=\"_blank\" rel=\"noopener noreferrer\">a<\/a><a href=\"https:\/\/www.luterlik.edu.ee\/wp-content\/uploads\/2016\/03\/Tartu-Luterlik-Peetri-Kool_arengukava.pdf\" target=\"_blank\" rel=\"noopener noreferrer\"> 2013-2016<\/a><\/p><\/div>    <\/div>\n<\/div>\n<!-- \/module text -->        <\/div>\n                        <\/div>\n        <\/div>\n        <\/div>\n<!--\/themify_builder_content-->","protected":false},"excerpt":{"rendered":"<p>Arengukava 2023-2025 TLPK arengukava on dokument, mis kirjeldab haridusasutuse arendustegevuse valdkondi, l\u00e4htepositsioone, eesm\u00e4rke, tegevusn\u00e4itajad, m\u00e4\u00e4ratleb tegevuskava kolmeks aastaks ning s\u00e4testab arengukava uuendamise korra. Lisaks asjakohastele \u00f5igusaktidele l\u00e4htub arengukava TLPK p\u00f5hikirjast, lasteaia ja kooli \u00f5ppekavadest, sise- ja v\u00e4lishindamise tulemusena kogutud tagasisidest ning Tartu \u00dclikooli eetikakeskuse hea kooli ja lasteaia mudelist. Eetikakeskuse poolt v\u00e4ljat\u00f6\u00f6tatud hea kooli ja [&hellip;]<\/p>\n","protected":false},"author":1,"featured_media":0,"parent":134,"menu_order":0,"comment_status":"closed","ping_status":"closed","template":"","meta":{"footnotes":""},"class_list":["post-141","page","type-page","status-publish","hentry","has-post-title","has-post-date","has-post-category","has-post-tag","has-post-comment","has-post-author",""],"_links":{"self":[{"href":"https:\/\/www.luterlik.edu.ee\/uus\/wp-json\/wp\/v2\/pages\/141","targetHints":{"allow":["GET"]}}],"collection":[{"href":"https:\/\/www.luterlik.edu.ee\/uus\/wp-json\/wp\/v2\/pages"}],"about":[{"href":"https:\/\/www.luterlik.edu.ee\/uus\/wp-json\/wp\/v2\/types\/page"}],"author":[{"embeddable":true,"href":"https:\/\/www.luterlik.edu.ee\/uus\/wp-json\/wp\/v2\/users\/1"}],"replies":[{"embeddable":true,"href":"https:\/\/www.luterlik.edu.ee\/uus\/wp-json\/wp\/v2\/comments?post=141"}],"version-history":[{"count":2,"href":"https:\/\/www.luterlik.edu.ee\/uus\/wp-json\/wp\/v2\/pages\/141\/revisions"}],"predecessor-version":[{"id":143,"href":"https:\/\/www.luterlik.edu.ee\/uus\/wp-json\/wp\/v2\/pages\/141\/revisions\/143"}],"up":[{"embeddable":true,"href":"https:\/\/www.luterlik.edu.ee\/uus\/wp-json\/wp\/v2\/pages\/134"}],"wp:attachment":[{"href":"https:\/\/www.luterlik.edu.ee\/uus\/wp-json\/wp\/v2\/media?parent=141"}],"curies":[{"name":"wp","href":"https:\/\/api.w.org\/{rel}","templated":true}]}}