{"id":137,"date":"2025-04-21T10:25:09","date_gmt":"2025-04-21T07:25:09","guid":{"rendered":"https:\/\/www.luterlik.edu.ee\/uus\/?page_id=137"},"modified":"2025-04-21T10:25:09","modified_gmt":"2025-04-21T07:25:09","slug":"sumboolika","status":"publish","type":"page","link":"https:\/\/www.luterlik.edu.ee\/uus\/pohimotted\/sumboolika\/","title":{"rendered":"S\u00dcMBOOLIKA"},"content":{"rendered":"<!--themify_builder_content-->\n<div id=\"themify_builder_content-137\" data-postid=\"137\" class=\"themify_builder_content themify_builder_content-137 themify_builder tf_clear\">\n                    <div  data-lazy=\"1\" class=\"module_row themify_builder_row tb_xs27825 tb_first tf_w\">\n                        <div class=\"row_inner col_align_top tb_col_count_1 tf_box tf_rel\">\n                        <div  data-lazy=\"1\" class=\"module_column tb-column col-full tb_epsn825 first\">\n                    <!-- module text -->\n<div  class=\"module module-text tb_w2wf497   \" data-lazy=\"1\">\n        <div  class=\"tb_text_wrap\">\n        <div id=\"primary\"><div id=\"content\" class=\"clearfix\"><article id=\"post-967\" class=\"post-967 page type-page status-publish has-post-thumbnail hentry\"><header class=\"entry-header\"><\/header><div class=\"entry-content clearfix\"><p><strong>TLPK\u00a0<a href=\"https:\/\/www.luterlik.edu.ee\/wp-content\/uploads\/2016\/04\/PEETRI-KOOL_Vapp.pdf\" target=\"_blank\" rel=\"noopener noreferrer\">vapi<\/a>\u00a0kirjeldus<\/strong><\/p><p>Punasel kilbil kuldse, h\u00f5bedaste kaantega avatud raamatu kohal kuldne ladina rist. Saateks kummalgi pool h\u00f5bedane v\u00f5ti. Vapikujundid s\u00fcmboliseerivad P\u00fchakirjal rajanevat usku ning viitavad apostel Peetrusele. Vapiv\u00e4rvidest punane v\u00e4ljendab Jumalikku armastust ja ohverdust; kuldne s\u00fcmboliseerib taevalikku t\u00f5de ja igavest elu. H\u00f5bedane on tarkuse, vaimsuse, puhtuse ja ustavuse t\u00e4his. Vapiv\u00e4rvid viitavad ka Tartule.<\/p><p><strong>TLPK\u00a0<a href=\"https:\/\/www.luterlik.edu.ee\/wp-content\/uploads\/2016\/04\/TLPK-lipp.pdf\" target=\"_blank\" rel=\"noopener noreferrer\">lipu<\/a>\u00a0kirjeldus<\/strong><\/p><p>Sinisel lipukangal on mustaga \u00e4\u00e4ristatud valge rist. Risti peal on vapi lipuvariant: Punasel ruudukujulisel v\u00e4ljal kuldkollase, valgete kaantega avatud raamatu kohal kuldkollane ladina rist. Saateks kummalgi pool valge v\u00f5ti.<\/p><hr \/><p><strong>Staa\u017eim\u00e4rk<\/strong><\/p><p>TLPK t\u00f6\u00f6tajaid tunnustatakse ustavuse ja usalduse kinnitusena staa\u017eim\u00e4rgi kinkimisega. M\u00e4rgiks on v\u00f5tmekujutis TLPK vapilt, mis viitab kooli nimip\u00fchak apostel Peetrusele (vt <a href=\"http:\/\/piibel.net\/#q=Mt%2016\" target=\"_blank\" rel=\"noreferrer noopener\">Mt 16,19<\/a>). M\u00e4rgid antakse \u00fcle kord aastas, Peetri Kooli s\u00fcnnip\u00e4eval (17.09), saajad kantakse kooli Auraamatusse. Staa\u017eim\u00e4rki v\u00f5ib kanda alati, eriti soovitav on seda kanda asutuse pidulikel s\u00fcndmustel. V\u00e4ljastatud m\u00e4rkide \u00fcle peetakse arvet neile omistatud numeratsiooni alusel.<br \/>M\u00e4rgil on kolm j\u00e4rku, mis vastavad t\u00f6\u00f6tatud aastatele: <a href=\"https:\/\/www.luterlik.edu.ee\/wp-content\/uploads\/2020\/05\/TLPK_pronks.png\" target=\"_blank\" rel=\"noreferrer noopener\">pronksjas<\/a> (3-aastane t\u00f6\u00f6panus), <a href=\"https:\/\/www.luterlik.edu.ee\/wp-content\/uploads\/2020\/05\/TLPK_h\u00f5be.png\" target=\"_blank\" rel=\"noreferrer noopener\">h\u00f5bedane<\/a> (6-aastane t\u00f6\u00f6panus), <a href=\"https:\/\/www.luterlik.edu.ee\/wp-content\/uploads\/2020\/05\/TLPK_kuld.png\" target=\"_blank\" rel=\"noreferrer noopener\">kuldne<\/a> (9-aastane t\u00f6\u00f6panus).<br \/>M\u00e4rke valmistab ettev\u00f5te <a href=\"https:\/\/romantavast.ee\/\" target=\"_blank\" rel=\"noreferrer noopener\">Roman Tavast O\u00dc<\/a>.<\/p><\/div><\/article><\/div><\/div>    <\/div>\n<\/div>\n<!-- \/module text -->        <\/div>\n                        <\/div>\n        <\/div>\n        <\/div>\n<!--\/themify_builder_content-->","protected":false},"excerpt":{"rendered":"<p>TLPK\u00a0vapi\u00a0kirjeldus Punasel kilbil kuldse, h\u00f5bedaste kaantega avatud raamatu kohal kuldne ladina rist. Saateks kummalgi pool h\u00f5bedane v\u00f5ti. Vapikujundid s\u00fcmboliseerivad P\u00fchakirjal rajanevat usku ning viitavad apostel Peetrusele. Vapiv\u00e4rvidest punane v\u00e4ljendab Jumalikku armastust ja ohverdust; kuldne s\u00fcmboliseerib taevalikku t\u00f5de ja igavest elu. H\u00f5bedane on tarkuse, vaimsuse, puhtuse ja ustavuse t\u00e4his. Vapiv\u00e4rvid viitavad ka Tartule. TLPK\u00a0lipu\u00a0kirjeldus Sinisel lipukangal [&hellip;]<\/p>\n","protected":false},"author":1,"featured_media":138,"parent":134,"menu_order":0,"comment_status":"closed","ping_status":"closed","template":"","meta":{"footnotes":""},"class_list":["post-137","page","type-page","status-publish","has-post-thumbnail","hentry","has-post-title","has-post-date","has-post-category","has-post-tag","has-post-comment","has-post-author",""],"_links":{"self":[{"href":"https:\/\/www.luterlik.edu.ee\/uus\/wp-json\/wp\/v2\/pages\/137","targetHints":{"allow":["GET"]}}],"collection":[{"href":"https:\/\/www.luterlik.edu.ee\/uus\/wp-json\/wp\/v2\/pages"}],"about":[{"href":"https:\/\/www.luterlik.edu.ee\/uus\/wp-json\/wp\/v2\/types\/page"}],"author":[{"embeddable":true,"href":"https:\/\/www.luterlik.edu.ee\/uus\/wp-json\/wp\/v2\/users\/1"}],"replies":[{"embeddable":true,"href":"https:\/\/www.luterlik.edu.ee\/uus\/wp-json\/wp\/v2\/comments?post=137"}],"version-history":[{"count":2,"href":"https:\/\/www.luterlik.edu.ee\/uus\/wp-json\/wp\/v2\/pages\/137\/revisions"}],"predecessor-version":[{"id":140,"href":"https:\/\/www.luterlik.edu.ee\/uus\/wp-json\/wp\/v2\/pages\/137\/revisions\/140"}],"up":[{"embeddable":true,"href":"https:\/\/www.luterlik.edu.ee\/uus\/wp-json\/wp\/v2\/pages\/134"}],"wp:featuredmedia":[{"embeddable":true,"href":"https:\/\/www.luterlik.edu.ee\/uus\/wp-json\/wp\/v2\/media\/138"}],"wp:attachment":[{"href":"https:\/\/www.luterlik.edu.ee\/uus\/wp-json\/wp\/v2\/media?parent=137"}],"curies":[{"name":"wp","href":"https:\/\/api.w.org\/{rel}","templated":true}]}}