{"id":8,"date":"2025-04-20T20:37:11","date_gmt":"2025-04-20T20:37:11","guid":{"rendered":"https:\/\/www.luterlik.edu.ee\/uus\/pohikool\/?page_id=8"},"modified":"2025-04-24T22:29:55","modified_gmt":"2025-04-24T19:29:55","slug":"esileht","status":"publish","type":"page","link":"https:\/\/www.luterlik.edu.ee\/uus\/pohikool\/","title":{"rendered":"Esileht"},"content":{"rendered":"<!--themify_builder_content-->\n<div id=\"themify_builder_content-8\" data-postid=\"8\" class=\"themify_builder_content themify_builder_content-8 themify_builder tf_clear\">\n                    <div  data-lazy=\"1\" class=\"module_row themify_builder_row tb_ayxo32 tb_first tf_w\">\n                        <div class=\"row_inner col_align_top tb_col_count_1 tf_box tf_rel\">\n                        <div  data-lazy=\"1\" class=\"module_column tb-column col-full tb_jhwt32 first\">\n                    <!-- module text -->\n<div  class=\"module module-text tb_xppb672   \" data-lazy=\"1\">\n        <div  class=\"tb_text_wrap\">\n        <div class=\"entry-content clearfix\"><p align=\"justify\">TLPK p\u00f5hikool annab\u00a0<strong>kaasaegse ja kristlikul maailmavaatel p\u00f5hineva hariduse. Meie kooli jaoks on \u00fchtaegu oluline v\u00e4\u00e4rt haridus ja v\u00e4\u00e4rtusharidus<\/strong>.<\/p><p align=\"justify\"><strong>\u00d5ppet\u00f6\u00f6s<\/strong> on r\u00f5huasetus lapse algatusel, isetegemisel ja kogemuse l\u00e4bi \u00f5ppimisel. \u00d5pilane on \u00f5ppeprotsessis aktiivne osaleja, toetatakse tema kujunemist ennast juhtivaks \u00f5ppijaks. I kooliastmes on \u00f5ppe- ja kasvatustegevus peamiselt korraldatud \u00fcld\u00f5petusliku t\u00f6\u00f6viisi p\u00f5him\u00f5tteid j\u00e4rgides.\u00a0II ja III kooliastmest l\u00e4htub \u00f5ppetegevus (l\u00f5imitud) aine\u00f5ppest.\u00a0<\/p><p align=\"justify\"><strong>Kooli valikainetena<\/strong> \u00f5petatakse usu\u00f5petust ning meedia- ja suhtlus\u00f5petust, esimeseks v\u00f5\u00f5rkeeleks on saksa keel.<\/p><p align=\"justify\">TLPKs l\u00e4bivalt rakendatava <strong>kujundava ja toetava hindamisena<\/strong> m\u00f5istetakse nii \u00f5ppe kestel kui kokkuv\u00f5tvalt toimuvat hindamist, mille k\u00e4igus anal\u00fc\u00fcsitakse \u00f5pilase teadmisi, oskusi, hoiakuid, v\u00e4\u00e4rtushinnanguid ja k\u00e4itumist, antakse tagasisidet \u00f5pilase seniste tulemuste ning edaspidiste arenguvajaduste kohta.<\/p><p align=\"justify\">L\u00e4hemalt\u00a0<a href=\"https:\/\/www.luterlik.edu.ee\/wp-content\/uploads\/2023\/10\/Kooli-oppekava-uldosa-2023.pdf\">Kooli \u00f5ppekava \u00fcldosa (2023)<\/a> ja <a href=\"https:\/\/www.luterlik.edu.ee\/kool\/koolikorraldus\/\" target=\"_blank\" rel=\"noopener noreferrer\">koolikorraldusest<\/a>.<\/p><figure class=\"wp-block-image size-large\"><img loading=\"lazy\" decoding=\"async\" class=\"wp-image-9332\" src=\"https:\/\/www.luterlik.edu.ee\/wp-content\/uploads\/2024\/10\/Tammeaid_5592-683x1024.jpg\" sizes=\"auto, (max-width: 683px) 100vw, 683px\" srcset=\"https:\/\/www.luterlik.edu.ee\/wp-content\/uploads\/2024\/10\/Tammeaid_5592-683x1024.jpg 683w, https:\/\/www.luterlik.edu.ee\/wp-content\/uploads\/2024\/10\/Tammeaid_5592-200x300.jpg 200w, https:\/\/www.luterlik.edu.ee\/wp-content\/uploads\/2024\/10\/Tammeaid_5592-1024x1536.jpg 1024w, https:\/\/www.luterlik.edu.ee\/wp-content\/uploads\/2024\/10\/Tammeaid_5592.jpg 1365w\" alt=\"\" width=\"683\" height=\"1024\" \/><\/figure><p>Foto: Nele Tammeaid<\/p><\/div>    <\/div>\n<\/div>\n<!-- \/module text -->        <\/div>\n                        <\/div>\n        <\/div>\n        <\/div>\n<!--\/themify_builder_content-->","protected":false},"excerpt":{"rendered":"<p>TLPK p\u00f5hikool annab\u00a0kaasaegse ja kristlikul maailmavaatel p\u00f5hineva hariduse. Meie kooli jaoks on \u00fchtaegu oluline v\u00e4\u00e4rt haridus ja v\u00e4\u00e4rtusharidus. \u00d5ppet\u00f6\u00f6s on r\u00f5huasetus lapse algatusel, isetegemisel ja kogemuse l\u00e4bi \u00f5ppimisel. \u00d5pilane on \u00f5ppeprotsessis aktiivne osaleja, toetatakse tema kujunemist ennast juhtivaks \u00f5ppijaks. I kooliastmes on \u00f5ppe- ja kasvatustegevus peamiselt korraldatud \u00fcld\u00f5petusliku t\u00f6\u00f6viisi p\u00f5him\u00f5tteid j\u00e4rgides.\u00a0II ja III kooliastmest l\u00e4htub [&hellip;]<\/p>\n","protected":false},"author":1,"featured_media":10,"parent":0,"menu_order":0,"comment_status":"closed","ping_status":"closed","template":"","meta":{"footnotes":""},"class_list":["post-8","page","type-page","status-publish","has-post-thumbnail","hentry","has-post-title","has-post-date","has-post-category","has-post-tag","has-post-comment","has-post-author",""],"_links":{"self":[{"href":"https:\/\/www.luterlik.edu.ee\/uus\/pohikool\/wp-json\/wp\/v2\/pages\/8","targetHints":{"allow":["GET"]}}],"collection":[{"href":"https:\/\/www.luterlik.edu.ee\/uus\/pohikool\/wp-json\/wp\/v2\/pages"}],"about":[{"href":"https:\/\/www.luterlik.edu.ee\/uus\/pohikool\/wp-json\/wp\/v2\/types\/page"}],"author":[{"embeddable":true,"href":"https:\/\/www.luterlik.edu.ee\/uus\/pohikool\/wp-json\/wp\/v2\/users\/1"}],"replies":[{"embeddable":true,"href":"https:\/\/www.luterlik.edu.ee\/uus\/pohikool\/wp-json\/wp\/v2\/comments?post=8"}],"version-history":[{"count":6,"href":"https:\/\/www.luterlik.edu.ee\/uus\/pohikool\/wp-json\/wp\/v2\/pages\/8\/revisions"}],"predecessor-version":[{"id":75,"href":"https:\/\/www.luterlik.edu.ee\/uus\/pohikool\/wp-json\/wp\/v2\/pages\/8\/revisions\/75"}],"wp:featuredmedia":[{"embeddable":true,"href":"https:\/\/www.luterlik.edu.ee\/uus\/pohikool\/wp-json\/wp\/v2\/media\/10"}],"wp:attachment":[{"href":"https:\/\/www.luterlik.edu.ee\/uus\/pohikool\/wp-json\/wp\/v2\/media?parent=8"}],"curies":[{"name":"wp","href":"https:\/\/api.w.org\/{rel}","templated":true}]}}