{"id":49,"date":"2025-04-21T12:04:47","date_gmt":"2025-04-21T12:04:47","guid":{"rendered":"https:\/\/www.luterlik.edu.ee\/uus\/pohikool\/?page_id=49"},"modified":"2025-04-21T12:04:47","modified_gmt":"2025-04-21T12:04:47","slug":"koolivorm","status":"publish","type":"page","link":"https:\/\/www.luterlik.edu.ee\/uus\/pohikool\/koolivorm\/","title":{"rendered":"KOOLIVORM"},"content":{"rendered":"<!--themify_builder_content-->\n<div id=\"themify_builder_content-49\" data-postid=\"49\" class=\"themify_builder_content themify_builder_content-49 themify_builder tf_clear\">\n                    <div  data-lazy=\"1\" class=\"module_row themify_builder_row tb_klmo546 tb_first tf_w\">\n                        <div class=\"row_inner col_align_top tb_col_count_1 tf_box tf_rel\">\n                        <div  data-lazy=\"1\" class=\"module_column tb-column col-full tb_88xb546 first\">\n                    <!-- module text -->\n<div  class=\"module module-text tb_6zbs152   \" data-lazy=\"1\">\n        <div  class=\"tb_text_wrap\">\n        <p>\u201cSee on kuninglik vorm, milles \u00f5pilased tunnevad end kuninglikult, ja samas j\u00e4tab see alles \u00f5pilase isikup\u00e4ra,\u201c<\/p><p><a href=\"https:\/\/opleht.ee\/2019\/03\/loovtooks-koolivorminaitus-eesti-rahva-muuseumis\/\" target=\"_blank\" rel=\"noopener noreferrer\">ERM\u00b4i koolivormi n\u00e4ituse (2019)\u00a0 korraldaja Marjaana Vaher TLPK koolivormist<\/a><\/p><hr \/><p>Koolivormi kandmisest l\u00e4hemalt dokumendis \u201c<a href=\"https:\/\/www.luterlik.edu.ee\/wp-content\/uploads\/2020\/08\/TLPK-p%C3%B5hikooli-kodukord_31.08.2020-2.pdf\" target=\"_blank\" rel=\"noopener noreferrer\">TLPK p\u00f5hikooli kodukord<\/a>\u201d (ptk 3).<\/p><p><strong>Koolim\u00fctsi<\/strong>\u00a0valmistajaks on\u00a0<a href=\"http:\/\/www.ardiisia.com\/\" target=\"_blank\" rel=\"noopener noreferrer\">Ardiisia O\u00dc<\/a>.<\/p><p><strong>Koolivormi<\/strong>\u00a0tootja on O\u00dc Norrison. Aastaringselt saab koolivormi elemente tellida\u00a0<a href=\"https:\/\/norrison.ee\/et\/143-tartu-luterlik-peetri-kool\">e-poest.<\/a><\/p><p>Kevadine koolivormi ettetellimine toimub 1. maist kuni 25. juunini, k\u00e4ttesaamine pakiautomaadist augustis.<\/p><p>S\u00fcgisene 1. septembrist 20. septembrini, k\u00e4ttesaamine pakiautomaadist novembri alguses.<\/p><p>Koolivormiga seotud k\u00fcsimused ja koolim\u00fctsi tellimused palume esitada: luterlik@luterlik.edu.ee<\/p><div class=\"wp-block-media-text is-stacked-on-mobile is-vertically-aligned-bottom\"><figure class=\"wp-block-media-text__media\"><img loading=\"lazy\" decoding=\"async\" class=\"wp-image-9323 size-full\" src=\"https:\/\/www.luterlik.edu.ee\/wp-content\/uploads\/2024\/10\/Tammeaid_5851-1-1024x771.jpg\" sizes=\"auto, (max-width: 1024px) 100vw, 1024px\" srcset=\"https:\/\/www.luterlik.edu.ee\/wp-content\/uploads\/2024\/10\/Tammeaid_5851-1-1024x771.jpg 1024w, https:\/\/www.luterlik.edu.ee\/wp-content\/uploads\/2024\/10\/Tammeaid_5851-1-300x226.jpg 300w, https:\/\/www.luterlik.edu.ee\/wp-content\/uploads\/2024\/10\/Tammeaid_5851-1-1536x1156.jpg 1536w, https:\/\/www.luterlik.edu.ee\/wp-content\/uploads\/2024\/10\/Tammeaid_5851-1.jpg 1813w\" alt=\"\" width=\"1024\" height=\"771\" \/><\/figure><div class=\"wp-block-media-text__content\"><p>\u00a0<\/p><\/div><\/div><p>Foto: Nele Tammeaid<\/p>    <\/div>\n<\/div>\n<!-- \/module text -->        <\/div>\n                        <\/div>\n        <\/div>\n        <\/div>\n<!--\/themify_builder_content-->","protected":false},"excerpt":{"rendered":"<p>\u201cSee on kuninglik vorm, milles \u00f5pilased tunnevad end kuninglikult, ja samas j\u00e4tab see alles \u00f5pilase isikup\u00e4ra,\u201c ERM\u00b4i koolivormi n\u00e4ituse (2019)\u00a0 korraldaja Marjaana Vaher TLPK koolivormist Koolivormi kandmisest l\u00e4hemalt dokumendis \u201cTLPK p\u00f5hikooli kodukord\u201d (ptk 3). Koolim\u00fctsi\u00a0valmistajaks on\u00a0Ardiisia O\u00dc. Koolivormi\u00a0tootja on O\u00dc Norrison. Aastaringselt saab koolivormi elemente tellida\u00a0e-poest. Kevadine koolivormi ettetellimine toimub 1. maist kuni 25. juunini, [&hellip;]<\/p>\n","protected":false},"author":1,"featured_media":25,"parent":0,"menu_order":8,"comment_status":"closed","ping_status":"closed","template":"","meta":{"footnotes":""},"class_list":["post-49","page","type-page","status-publish","has-post-thumbnail","hentry","has-post-title","has-post-date","has-post-category","has-post-tag","has-post-comment","has-post-author",""],"_links":{"self":[{"href":"https:\/\/www.luterlik.edu.ee\/uus\/pohikool\/wp-json\/wp\/v2\/pages\/49","targetHints":{"allow":["GET"]}}],"collection":[{"href":"https:\/\/www.luterlik.edu.ee\/uus\/pohikool\/wp-json\/wp\/v2\/pages"}],"about":[{"href":"https:\/\/www.luterlik.edu.ee\/uus\/pohikool\/wp-json\/wp\/v2\/types\/page"}],"author":[{"embeddable":true,"href":"https:\/\/www.luterlik.edu.ee\/uus\/pohikool\/wp-json\/wp\/v2\/users\/1"}],"replies":[{"embeddable":true,"href":"https:\/\/www.luterlik.edu.ee\/uus\/pohikool\/wp-json\/wp\/v2\/comments?post=49"}],"version-history":[{"count":2,"href":"https:\/\/www.luterlik.edu.ee\/uus\/pohikool\/wp-json\/wp\/v2\/pages\/49\/revisions"}],"predecessor-version":[{"id":51,"href":"https:\/\/www.luterlik.edu.ee\/uus\/pohikool\/wp-json\/wp\/v2\/pages\/49\/revisions\/51"}],"wp:featuredmedia":[{"embeddable":true,"href":"https:\/\/www.luterlik.edu.ee\/uus\/pohikool\/wp-json\/wp\/v2\/media\/25"}],"wp:attachment":[{"href":"https:\/\/www.luterlik.edu.ee\/uus\/pohikool\/wp-json\/wp\/v2\/media?parent=49"}],"curies":[{"name":"wp","href":"https:\/\/api.w.org\/{rel}","templated":true}]}}