{"id":16,"date":"2025-04-21T12:37:41","date_gmt":"2025-04-21T12:37:41","guid":{"rendered":"https:\/\/www.luterlik.edu.ee\/uus\/lasteaed\/?page_id=16"},"modified":"2025-04-21T12:37:41","modified_gmt":"2025-04-21T12:37:41","slug":"tugiteenused","status":"publish","type":"page","link":"https:\/\/www.luterlik.edu.ee\/uus\/lasteaed\/tugiteenused\/","title":{"rendered":"TUGITEENUSED"},"content":{"rendered":"<!--themify_builder_content-->\n<div id=\"themify_builder_content-16\" data-postid=\"16\" class=\"themify_builder_content themify_builder_content-16 themify_builder tf_clear\">\n                    <div  data-lazy=\"1\" class=\"module_row themify_builder_row tb_jejz704 tb_first tf_w\">\n                        <div class=\"row_inner col_align_top tb_col_count_1 tf_box tf_rel\">\n                        <div  data-lazy=\"1\" class=\"module_column tb-column col-full tb_pq3t705 first\">\n                    <!-- module text -->\n<div  class=\"module module-text tb_8w8g826   \" data-lazy=\"1\">\n        <div  class=\"tb_text_wrap\">\n        <p>\u00d5pilaste arengu toetamiseks ja k\u00f5neravi korraldamiseks t\u00f6\u00f6tab lasteaias <strong>logopeed-eripedagoog Evelin Saks<\/strong>\u00a0 (evelin.saks@luterlik.edu.ee).<\/p>    <\/div>\n<\/div>\n<!-- \/module text -->        <\/div>\n                        <\/div>\n        <\/div>\n        <\/div>\n<!--\/themify_builder_content-->","protected":false},"excerpt":{"rendered":"<p>\u00d5pilaste arengu toetamiseks ja k\u00f5neravi korraldamiseks t\u00f6\u00f6tab lasteaias logopeed-eripedagoog Evelin Saks\u00a0 (evelin.saks@luterlik.edu.ee).<\/p>\n","protected":false},"author":1,"featured_media":9,"parent":0,"menu_order":0,"comment_status":"closed","ping_status":"closed","template":"","meta":{"footnotes":""},"class_list":["post-16","page","type-page","status-publish","has-post-thumbnail","hentry","has-post-title","has-post-date","has-post-category","has-post-tag","has-post-comment","has-post-author",""],"builder_content":"<p>\u00d5pilaste arengu toetamiseks ja k\u00f5neravi korraldamiseks t\u00f6\u00f6tab lasteaias <strong>logopeed-eripedagoog Evelin Saks<\/strong>\u00a0 (evelin.saks@luterlik.edu.ee).<\/p>","_links":{"self":[{"href":"https:\/\/www.luterlik.edu.ee\/uus\/lasteaed\/wp-json\/wp\/v2\/pages\/16","targetHints":{"allow":["GET"]}}],"collection":[{"href":"https:\/\/www.luterlik.edu.ee\/uus\/lasteaed\/wp-json\/wp\/v2\/pages"}],"about":[{"href":"https:\/\/www.luterlik.edu.ee\/uus\/lasteaed\/wp-json\/wp\/v2\/types\/page"}],"author":[{"embeddable":true,"href":"https:\/\/www.luterlik.edu.ee\/uus\/lasteaed\/wp-json\/wp\/v2\/users\/1"}],"replies":[{"embeddable":true,"href":"https:\/\/www.luterlik.edu.ee\/uus\/lasteaed\/wp-json\/wp\/v2\/comments?post=16"}],"version-history":[{"count":1,"href":"https:\/\/www.luterlik.edu.ee\/uus\/lasteaed\/wp-json\/wp\/v2\/pages\/16\/revisions"}],"predecessor-version":[{"id":17,"href":"https:\/\/www.luterlik.edu.ee\/uus\/lasteaed\/wp-json\/wp\/v2\/pages\/16\/revisions\/17"}],"wp:featuredmedia":[{"embeddable":true,"href":"https:\/\/www.luterlik.edu.ee\/uus\/lasteaed\/wp-json\/wp\/v2\/media\/9"}],"wp:attachment":[{"href":"https:\/\/www.luterlik.edu.ee\/uus\/lasteaed\/wp-json\/wp\/v2\/media?parent=16"}],"curies":[{"name":"wp","href":"https:\/\/api.w.org\/{rel}","templated":true}]}}